{"id":5054,"date":"2019-03-15T11:33:56","date_gmt":"2019-03-15T14:33:56","guid":{"rendered":"https:\/\/www.universoeletrico.com.br\/design\/?post_type=product&#038;p=5054"},"modified":"2026-04-08T14:01:34","modified_gmt":"2026-04-08T17:01:34","slug":"luminaria-led-tartaruga","status":"publish","type":"product","link":"https:\/\/www.universoeletrico.com.br\/design\/produto\/luminaria-led-tartaruga","title":{"rendered":"LUMINARIA TARTARUGA LED POLIC.BR15W 6.5K"},"content":{"rendered":"<p>A Lumin\u00e1ria led tartaruga \u00e9 indicada para ambientes externos, resid\u00eancias ou comerciais como rampas de acesso, garagens, escadas, varandas, muros, etc. Ela j\u00e1 vem com led incluso e com lente de policarbonato.<\/p>\n<p>&nbsp;<\/p>\n<p>Temperatura de cor: 6500k (Branca).<\/p>\n<p>15W pot\u00eancia<\/p>\n<p>BIVOLT Autom\u00e1tico: 100V\u2013240V.<br \/>\n\u00cdndice de Prote\u00e7\u00e3o: IP65.<br \/>\nIRC: &gt;70.<br \/>\nN\u00e3o Dimeriz\u00e1vel.<\/p>\n<p>outras op\u00e7\u00f5es de tamanhos e pot\u00eancia<\/p>\n<p>250191 &#8211; LUMINARIA TARTARUGA LED POLIC.BR15W 3K<\/p>\n<p>250175 &#8211; LUMINARIA TARTARUGA LED POLIC.BR8W 6.5K<\/p>\n<p>250190 &#8211; LUMINARIA TARTARUGA LED POLIC.BR8W 3K<\/p>\n<p>250225 &#8211; LUMINARIA TARTARUGA LED POLIC.PT 12W 3K<\/p>\n<p>250530 &#8211; LUMINARIA TARTARUGA LED POLIC.PRETA 12W<\/p>\n","protected":false},"excerpt":{"rendered":"<p>A Lumin\u00e1ria led tartaruga \u00e9 indicada para ambientes externos, resid\u00eancias ou comerciais como rampas de acesso, garagens, escadas, varandas, muros, etc. Ela j\u00e1 vem com led incluso e com lente de policarbonato. &nbsp; Temperatura de cor: 6500k (Branca). 15W pot\u00eancia BIVOLT Autom\u00e1tico: 100V\u2013240V. \u00cdndice de Prote\u00e7\u00e3o: IP65. IRC: &gt;70. N\u00e3o Dimeriz\u00e1vel. outras op\u00e7\u00f5es de tamanhos [&hellip;]<\/p>\n","protected":false},"featured_media":5055,"template":"","meta":[],"product_brand":[],"product_cat":[81,28,20],"product_tag":[347,349,346,348],"class_list":{"0":"post-5054","1":"product","2":"type-product","3":"status-publish","4":"has-post-thumbnail","6":"product_cat-arandelas-para-area-externa","7":"product_cat-area-externa","8":"product_cat-comercial","9":"product_tag-iluminacao-area-exteran","10":"product_tag-iluminacao-blindada","11":"product_tag-iluminacao-de-muro","12":"product_tag-iluminacao-ip65","14":"first","15":"instock","16":"shipping-taxable","17":"purchasable","18":"product-type-simple"},"_links":{"self":[{"href":"https:\/\/www.universoeletrico.com.br\/design\/wp-json\/wp\/v2\/product\/5054","targetHints":{"allow":["GET"]}}],"collection":[{"href":"https:\/\/www.universoeletrico.com.br\/design\/wp-json\/wp\/v2\/product"}],"about":[{"href":"https:\/\/www.universoeletrico.com.br\/design\/wp-json\/wp\/v2\/types\/product"}],"wp:featuredmedia":[{"embeddable":true,"href":"https:\/\/www.universoeletrico.com.br\/design\/wp-json\/wp\/v2\/media\/5055"}],"wp:attachment":[{"href":"https:\/\/www.universoeletrico.com.br\/design\/wp-json\/wp\/v2\/media?parent=5054"}],"wp:term":[{"taxonomy":"product_brand","embeddable":true,"href":"https:\/\/www.universoeletrico.com.br\/design\/wp-json\/wp\/v2\/product_brand?post=5054"},{"taxonomy":"product_cat","embeddable":true,"href":"https:\/\/www.universoeletrico.com.br\/design\/wp-json\/wp\/v2\/product_cat?post=5054"},{"taxonomy":"product_tag","embeddable":true,"href":"https:\/\/www.universoeletrico.com.br\/design\/wp-json\/wp\/v2\/product_tag?post=5054"}],"curies":[{"name":"wp","href":"https:\/\/api.w.org\/{rel}","templated":true}]}}