{"id":11722,"date":"2026-02-18T16:27:29","date_gmt":"2026-02-18T19:27:29","guid":{"rendered":"https:\/\/www.universoeletrico.com.br\/design\/?post_type=product&#038;p=11722"},"modified":"2026-04-08T13:37:12","modified_gmt":"2026-04-08T16:37:12","slug":"fita-led-16w-m-240led-6500k-ip44-127v","status":"publish","type":"product","link":"https:\/\/www.universoeletrico.com.br\/design\/produto\/fita-led-16w-m-240led-6500k-ip44-127v","title":{"rendered":"FITA LED 16W\/M 240LED 6500K IP44 127V"},"content":{"rendered":"<div class=\"Y3BBE\" data-sfc-cp=\"\" data-hveid=\"CAEIARAA\" data-complete=\"true\" data-processed=\"true\">Ilumine seus projetos com a fita 16w 127v, a escolha perfeita para quem busca sofistica\u00e7\u00e3o e m\u00e1xima efici\u00eancia luminosa. \u00a0ela oferece uma ilumina\u00e7\u00e3o cont\u00ednua, homog\u00eanea e potente (16W\/m) e elimina o uso de drives e fontes, facilitando a instala\u00e7\u00e3o<\/div>\n<div class=\"Y3BBE\" data-sfc-cp=\"\" data-hveid=\"CAEIAhAA\" data-complete=\"true\" data-processed=\"true\"><\/div>\n<ul class=\"KsbFXc U6u95\" data-complete=\"true\" data-processed=\"true\">\n<li data-hveid=\"CAEIAxAA\" data-complete=\"true\" data-sae=\"\"><span class=\"T286Pc\" data-sfc-cp=\"\" data-complete=\"true\"><strong class=\"Yjhzub\" data-complete=\"true\">Luz Neutra Perfeita:<\/strong>\u00a0Os 4000K proporcionam um ambiente equilibrado, ideal tanto para foco em escrit\u00f3rios quanto para o aconchego de salas e cozinhas.<\/span><\/li>\n<li data-hveid=\"CAEIAxAB\" data-complete=\"true\" data-sae=\"\"><span class=\"T286Pc\" data-sfc-cp=\"\" data-complete=\"true\"><strong class=\"Yjhzub\" data-complete=\"true\">Alta Performance:<\/strong>\u00a0Com um fluxo luminoso de\u00a0<strong class=\"Yjhzub\" data-complete=\"true\">1800lm\/m<\/strong>, ela garante clareza excepcional e cores fi\u00e9is (IRC 80).<\/span><\/li>\n<li data-hveid=\"CAEIAxAC\" data-complete=\"true\" data-sae=\"\"><span class=\"T286Pc\" data-sfc-cp=\"\" data-complete=\"true\"><strong class=\"Yjhzub\" data-complete=\"true\">Versatilidade e Prote\u00e7\u00e3o:<\/strong>\u00a0O selo\u00a0<strong class=\"Yjhzub\" data-complete=\"true\">IP44<\/strong>\u00a0oferece resist\u00eancia contra umidade, tornando-a ideal para sancas, m\u00f3veis ou detalhes arquitet\u00f4nicos.<\/span><\/li>\n<li data-hveid=\"CAEIAxAD\" data-complete=\"true\" data-sae=\"\"><span class=\"T286Pc\" data-sfc-cp=\"\" data-complete=\"true\"><strong class=\"Yjhzub\" data-complete=\"true\">Corte Personalizado:<\/strong>\u00a0Unidade de corte a cada\u00a0<strong class=\"Yjhzub\" data-complete=\"true\">5 cm<\/strong>\u00a0para um ajuste preciso ao seu espa\u00e7o.<\/span><\/li>\n<\/ul>\n<div class=\"Y3BBE\" data-sfc-cp=\"\" data-hveid=\"CAEIBBAA\" data-complete=\"true\" data-processed=\"true\"><strong class=\"Yjhzub\" data-complete=\"true\">D\u00ea vida ao seu ambiente com a tecnologia LED de alta durabilidade e 1 ano de garantia!<\/strong><\/div>\n<div data-sfc-cp=\"\" data-hveid=\"CAEIBBAA\" data-complete=\"true\" data-processed=\"true\"><\/div>\n<ul>\n<li data-hveid=\"CAEIBBAA\" data-complete=\"true\" data-processed=\"true\">Potn\u00eancia 16W<\/li>\n<li data-hveid=\"CAEIBBAA\" data-complete=\"true\" data-processed=\"true\">Fluxo luminoso 1800 lumes por metro<\/li>\n<li data-hveid=\"CAEIBBAA\" data-complete=\"true\" data-processed=\"true\">Indice de prote\u00e7\u00e3o &#8211; IP-44<\/li>\n<li data-hveid=\"CAEIBBAA\" data-complete=\"true\" data-processed=\"true\">Tens\u00e3o &#8211; 127v<\/li>\n<li data-hveid=\"CAEIBBAA\" data-complete=\"true\" data-processed=\"true\">Dispensa uso de drivers ou fontes<\/li>\n<li data-hveid=\"CAEIBBAA\" data-complete=\"true\" data-processed=\"true\">Conectores de emenda e liga\u00e7\u00e3o ( vendidos separadamente)<\/li>\n<\/ul>\n<p>Acess\u00f3ri\u00f3s:<\/p>\n<p>253192 &#8211; CONECTOR DE LIGA\u00c7\u00c3O EM037 &#8211;<\/p>\n<p>Outras temperaturas de cor disponives:<\/p>\n<p>253195 &#8211; FITA LED 16W\/M 240LED 3000K IP44 127V<\/p>\n<p>257196 &#8211; FITA LED 16W\/M 240LED 6500K IP44 127V<\/p>\n<div data-xid=\"Gd7Hsc\" data-sfc-cp=\"\" data-processed=\"true\" data-complete=\"true\">\n<div class=\"DBd2Wb\" data-complete=\"true\">\n<div data-complete=\"true\"><\/div>\n<div class=\"zkL70c\">\n<div data-xid=\"YruvMc\" data-signal-inputs=\"ns9scf=Ogyxb_z\/ns9scf\" data-complete=\"true\">\n<div class=\"OUQe0e\">\n<div id=\"shrproxy400\" class=\"bQ0Yzc\" data-ved=\"0CAAQp4QQahcKEwjoi-aF3-OSAxUAAAAAHQAAAAAQHw\" data-hveid=\"0\" data-processed=\"true\">\n<p>&nbsp;<\/p>\n<div><\/div>\n<div><\/div>\n<\/div>\n<\/div>\n<\/div>\n<div class=\"VlQBpc\" data-wiz-uids=\"Ogyxb_1f,Ogyxb_1g\" data-complete=\"true\" data-processed=\"true\">\n<div class=\"YHsVn\" data-sfc-cp=\"\" data-wiz-uids=\"Ogyxb_1i,Ogyxb_1j\" data-signal-inputs=\"\" data-complete=\"true\"><\/div>\n<div class=\"YHsVn\" data-sfc-cp=\"\" data-wiz-uids=\"Ogyxb_1l,Ogyxb_1m\" data-signal-inputs=\"\" data-complete=\"true\"><\/div>\n<\/div>\n<\/div>\n<\/div>\n<\/div>\n","protected":false},"excerpt":{"rendered":"<p>Ilumine seus projetos com a fita 16w 127v, a escolha perfeita para quem busca sofistica\u00e7\u00e3o e m\u00e1xima efici\u00eancia luminosa. \u00a0ela oferece uma ilumina\u00e7\u00e3o cont\u00ednua, homog\u00eanea e potente (16W\/m) e elimina o uso de drives e fontes, facilitando a instala\u00e7\u00e3o Luz Neutra Perfeita:\u00a0Os 4000K proporcionam um ambiente equilibrado, ideal tanto para foco em escrit\u00f3rios quanto para [&hellip;]<\/p>\n","protected":false},"featured_media":11723,"template":"","meta":[],"product_brand":[],"product_cat":[43,42],"product_tag":[263,262,188,165,264,265],"class_list":{"0":"post-11722","1":"product","2":"type-product","3":"status-publish","4":"has-post-thumbnail","6":"product_cat-fita-led","7":"product_cat-fitas-e-lampadas","8":"product_tag-fita-127v","9":"product_tag-fita-direta","10":"product_tag-fita-para-perfil","11":"product_tag-iluminacao-closet","12":"product_tag-iluminacao-linear","13":"product_tag-iluminacao-marcenaria","15":"first","16":"instock","17":"shipping-taxable","18":"purchasable","19":"product-type-simple"},"_links":{"self":[{"href":"https:\/\/www.universoeletrico.com.br\/design\/wp-json\/wp\/v2\/product\/11722","targetHints":{"allow":["GET"]}}],"collection":[{"href":"https:\/\/www.universoeletrico.com.br\/design\/wp-json\/wp\/v2\/product"}],"about":[{"href":"https:\/\/www.universoeletrico.com.br\/design\/wp-json\/wp\/v2\/types\/product"}],"wp:featuredmedia":[{"embeddable":true,"href":"https:\/\/www.universoeletrico.com.br\/design\/wp-json\/wp\/v2\/media\/11723"}],"wp:attachment":[{"href":"https:\/\/www.universoeletrico.com.br\/design\/wp-json\/wp\/v2\/media?parent=11722"}],"wp:term":[{"taxonomy":"product_brand","embeddable":true,"href":"https:\/\/www.universoeletrico.com.br\/design\/wp-json\/wp\/v2\/product_brand?post=11722"},{"taxonomy":"product_cat","embeddable":true,"href":"https:\/\/www.universoeletrico.com.br\/design\/wp-json\/wp\/v2\/product_cat?post=11722"},{"taxonomy":"product_tag","embeddable":true,"href":"https:\/\/www.universoeletrico.com.br\/design\/wp-json\/wp\/v2\/product_tag?post=11722"}],"curies":[{"name":"wp","href":"https:\/\/api.w.org\/{rel}","templated":true}]}}