{"id":9261,"date":"2023-12-22T16:19:20","date_gmt":"2023-12-22T19:19:20","guid":{"rendered":"https:\/\/www.universoeletrico.com.br\/design\/?post_type=product&#038;p=9261"},"modified":"2026-01-15T15:36:35","modified_gmt":"2026-01-15T18:36:35","slug":"luminaria-e-poste-com-petala-modelo-publica","status":"publish","type":"product","link":"https:\/\/www.universoeletrico.com.br\/design\/?product=luminaria-e-poste-com-petala-modelo-publica","title":{"rendered":"ESPETO LED POLICAR. IP65 5W BIV. 3K PT"},"content":{"rendered":"<p>Transforme seu espa\u00e7o externo em um ref\u00fagio encantador com a Lumin\u00e1ria Espeto Jardim LED 5W Bivolt IP65. Este produto\u00a0 n\u00e3o \u00e9 apenas uma fonte de luz, mas uma pe\u00e7a de design que complementa a beleza do seu jardim. Imagine um ambiente iluminado de forma suave e acolhedora, onde voc\u00ea pode relaxar ap\u00f3s um longo dia, receber amigos para um churrasco ou simplesmente apreciar a natureza ao seu redor. Com seu elegante acabamento em preto e luz branca quente de 3000K, ela cria uma atmosfera envolvente que se adapta a diversas ocasi\u00f5es.<\/p>\n<p>&nbsp;<\/p>\n<ul>\n<li>POTENCIA &#8211; 5W &#8211; tEMPERATUR COR\u00a0 &#8211; 3000K<\/li>\n<li>BIVOLT AUTOM\u00c1TICO : 100V\u00bf240V .<\/li>\n<li>\u00cdNDICE DE PROTE\u00c7\u00c3O : IP65 .<\/li>\n<\/ul>\n<p>Consulte outras op\u00e7\u00f5es de temperatura de cor e pot\u00eancia<\/p>\n<p>250097 &#8211; ESPETO LED POLICAR. IP65 5W BIV. 6,5K PT<\/p>\n<p>250070 &#8211; ESPETO LED POLICAR. IP65 7W VD BIV. PT<\/p>\n<p>&nbsp;<\/p>\n","protected":false},"excerpt":{"rendered":"<p>Transforme seu espa\u00e7o externo em um ref\u00fagio encantador com a Lumin\u00e1ria Espeto Jardim LED 5W Bivolt IP65. Este produto\u00a0 n\u00e3o \u00e9 apenas uma fonte de luz, mas uma pe\u00e7a de design que complementa a beleza do seu jardim. Imagine um ambiente iluminado de forma suave e acolhedora, onde voc\u00ea pode relaxar ap\u00f3s um longo dia, [&hellip;]<\/p>\n","protected":false},"featured_media":11481,"template":"","meta":[],"product_brand":[],"product_cat":[28,41],"product_tag":[106,129,125,130,122,115],"class_list":{"0":"post-9261","1":"product","2":"type-product","3":"status-publish","4":"has-post-thumbnail","6":"product_cat-area-externa","7":"product_cat-refletores-e-projetores","8":"product_tag-area-externa","9":"product_tag-espeto-led","10":"product_tag-facho-de-luz","11":"product_tag-finco-led","12":"product_tag-foco","13":"product_tag-iluminacao-externa","15":"first","16":"instock","17":"shipping-taxable","18":"purchasable","19":"product-type-simple"},"_links":{"self":[{"href":"https:\/\/www.universoeletrico.com.br\/design\/index.php?rest_route=\/wp\/v2\/product\/9261","targetHints":{"allow":["GET"]}}],"collection":[{"href":"https:\/\/www.universoeletrico.com.br\/design\/index.php?rest_route=\/wp\/v2\/product"}],"about":[{"href":"https:\/\/www.universoeletrico.com.br\/design\/index.php?rest_route=\/wp\/v2\/types\/product"}],"wp:featuredmedia":[{"embeddable":true,"href":"https:\/\/www.universoeletrico.com.br\/design\/index.php?rest_route=\/wp\/v2\/media\/11481"}],"wp:attachment":[{"href":"https:\/\/www.universoeletrico.com.br\/design\/index.php?rest_route=%2Fwp%2Fv2%2Fmedia&parent=9261"}],"wp:term":[{"taxonomy":"product_brand","embeddable":true,"href":"https:\/\/www.universoeletrico.com.br\/design\/index.php?rest_route=%2Fwp%2Fv2%2Fproduct_brand&post=9261"},{"taxonomy":"product_cat","embeddable":true,"href":"https:\/\/www.universoeletrico.com.br\/design\/index.php?rest_route=%2Fwp%2Fv2%2Fproduct_cat&post=9261"},{"taxonomy":"product_tag","embeddable":true,"href":"https:\/\/www.universoeletrico.com.br\/design\/index.php?rest_route=%2Fwp%2Fv2%2Fproduct_tag&post=9261"}],"curies":[{"name":"wp","href":"https:\/\/api.w.org\/{rel}","templated":true}]}}