{"id":5711,"date":"2019-11-22T10:46:13","date_gmt":"2019-11-22T13:46:13","guid":{"rendered":"https:\/\/www.universoeletrico.com.br\/design\/?post_type=product&#038;p=5711"},"modified":"2026-01-15T15:44:46","modified_gmt":"2026-01-15T18:44:46","slug":"fita-evo-full-led-24v-19w-m","status":"publish","type":"product","link":"https:\/\/www.universoeletrico.com.br\/design\/?product=fita-evo-full-led-24v-19w-m","title":{"rendered":"FITA LED 19W\/M 24V IP20 2700K C\/5MTS"},"content":{"rendered":"<p>Para um resultado \u00e0 altura dos projetos com o mais elevado padr\u00e3o de qualidade, as Fitas PRO da Stella contam com alto n\u00edvel de constru\u00e7\u00e3o e componentes, op\u00e7\u00f5es com LED COB e uma maior quantidade de LEDs por metro, al\u00e9m de tens\u00e3o 24V. O resultado \u00e9 uma ilumina\u00e7\u00e3o totalmente homog\u00eanea em toda a sua extens\u00e3o, real\u00e7ando os detalhes do ambiente.Ela \u00e9<mark class=\"HxTRcb\" data-complete=\"true\" data-sae=\"\">\u00a0ideal para aplica\u00e7\u00f5es onde a\u00a0<strong class=\"Yjhzub\" data-complete=\"true\">reprodu\u00e7\u00e3o fiel das cores<\/strong>\u00a0\u00e9 essencial, podendo ser usada tanto para ilumina\u00e7\u00e3o decorativa quanto para\u00a0<strong class=\"Yjhzub\" data-complete=\"true\">luz geral<\/strong>\u00a0em diversos ambientes<\/mark>.<span class=\"uJ19be notranslate\" data-wiz-uids=\"Z6cP6d_l,Z6cP6d_m,Z6cP6d_n\" data-complete=\"true\" data-processed=\"true\"><span class=\"vKEkVd\" data-animation-atomic=\"\" data-wiz-attrbind=\"class=Z6cP6d_l\/TKHnVd;\" data-sae=\"\">\u00a0<\/span><\/span><\/p>\n<p>FITA LED 19W ROLO 5 metros<\/p>\n<ul>\n<li>Fluxo luminoso: 2100lm\/metro<\/li>\n<li>IP -20<\/li>\n<li>IRC &gt;97 &#8211;<\/li>\n<\/ul>\n<p>CONSULTE NOSSA EQUPE PARA OUTRAS OP\u00c7\u00d5ES DE TEMPERATURA DE COR<\/p>\n<p>242112 -*FITA LED 5M 19W\/M IP20 24V 3000K<br \/>\n255703 &#8211; *FITA LED 5M 19W\/M 24V IP20 4000K<\/p>\n<p>Deve se Utilize uma fonte\/drive 24V &#8211; *e com potencia em acordo com a metragem ser usada.<\/p>\n<p>*calculo para escolha do drive\/fonte &#8211; ( deve-se considerar uma folga de 20% no total da potencia do drive em rela\u00e7\u00e3o a fita)<br \/>\npot\u00eancia da fita x quantidade de metros<br \/>\nex:<br \/>\nPara 2 metros fita led 19ww = potencia 19w x 2 metros de fita = 38w pot\u00eancia total- Assim deve se usar um drive\/fonte mminimo 48w ou superior<\/p>\n<p>&nbsp;<\/p>\n","protected":false},"excerpt":{"rendered":"<p>Para um resultado \u00e0 altura dos projetos com o mais elevado padr\u00e3o de qualidade, as Fitas PRO da Stella contam com alto n\u00edvel de constru\u00e7\u00e3o e componentes, op\u00e7\u00f5es com LED COB e uma maior quantidade de LEDs por metro, al\u00e9m de tens\u00e3o 24V. O resultado \u00e9 uma ilumina\u00e7\u00e3o totalmente homog\u00eanea em toda a sua extens\u00e3o, [&hellip;]<\/p>\n","protected":false},"featured_media":5712,"template":"","meta":[],"product_brand":[],"product_cat":[43,42],"product_tag":[157,189,156,187,190,188,120],"class_list":{"0":"post-5711","1":"product","2":"type-product","3":"status-publish","4":"has-post-thumbnail","6":"product_cat-fita-led","7":"product_cat-fitas-e-lampadas","8":"product_tag-fita-full","9":"product_tag-fita-irc97","10":"product_tag-fita-led-24v","11":"product_tag-fita-led-full","12":"product_tag-fita-led-profissional","13":"product_tag-fita-para-perfil","14":"product_tag-stella","16":"first","17":"instock","18":"shipping-taxable","19":"purchasable","20":"product-type-simple"},"_links":{"self":[{"href":"https:\/\/www.universoeletrico.com.br\/design\/index.php?rest_route=\/wp\/v2\/product\/5711","targetHints":{"allow":["GET"]}}],"collection":[{"href":"https:\/\/www.universoeletrico.com.br\/design\/index.php?rest_route=\/wp\/v2\/product"}],"about":[{"href":"https:\/\/www.universoeletrico.com.br\/design\/index.php?rest_route=\/wp\/v2\/types\/product"}],"wp:featuredmedia":[{"embeddable":true,"href":"https:\/\/www.universoeletrico.com.br\/design\/index.php?rest_route=\/wp\/v2\/media\/5712"}],"wp:attachment":[{"href":"https:\/\/www.universoeletrico.com.br\/design\/index.php?rest_route=%2Fwp%2Fv2%2Fmedia&parent=5711"}],"wp:term":[{"taxonomy":"product_brand","embeddable":true,"href":"https:\/\/www.universoeletrico.com.br\/design\/index.php?rest_route=%2Fwp%2Fv2%2Fproduct_brand&post=5711"},{"taxonomy":"product_cat","embeddable":true,"href":"https:\/\/www.universoeletrico.com.br\/design\/index.php?rest_route=%2Fwp%2Fv2%2Fproduct_cat&post=5711"},{"taxonomy":"product_tag","embeddable":true,"href":"https:\/\/www.universoeletrico.com.br\/design\/index.php?rest_route=%2Fwp%2Fv2%2Fproduct_tag&post=5711"}],"curies":[{"name":"wp","href":"https:\/\/api.w.org\/{rel}","templated":true}]}}