{"id":5051,"date":"2019-03-15T11:31:28","date_gmt":"2019-03-15T14:31:28","guid":{"rendered":"https:\/\/www.universoeletrico.com.br\/design\/?post_type=product&#038;p=5051"},"modified":"2026-01-15T15:47:45","modified_gmt":"2026-01-15T18:47:45","slug":"luminaria-led-retangular-elegance","status":"publish","type":"product","link":"https:\/\/www.universoeletrico.com.br\/design\/?product=luminaria-led-retangular-elegance","title":{"rendered":"Lumin\u00e1ria Led flat\/elegance\/slim"},"content":{"rendered":"<p>A lumin\u00e1ria LED \u00e9 indicada para ilumina\u00e7\u00e3o geral, em ambientes internos como resid\u00eancias, lojas e escrit\u00f3rios. Ela j\u00e1 vem com led incluso e com lente de policarbonato e hermeticamente fechada. <\/p>\n<p>Slim:<br \/>\nLUMIN\u00c1RIA LED SLIM 18W 6500K BIVOLT &#8211; 251648<br \/>\nLUMIN\u00c1RIA LED SLIM 36W 6500K BIVOLT &#8211; 251649<br \/>\n18w 1500 l\u00famens\t6500K\t75x600mm<br \/>\n36W 3000 l\u00famens\t6500K\t75x1200mm<\/p>\n<p>Elegance:<br \/>\nPot\u00eancia: 16W \u2013 Temperatura de cor: 3000k (Amarela) \u2013 Cod.: 250102.<br \/>\nPot\u00eancia: 16W \u2013 Temperatura de cor: 6500k (Branca) \u2013 Cod.: Consulta<br \/>\nPot\u00eancia: 32W \u2013 Temperatura de cor: 3000k (Amarela) \u2013 Cod.: 250103.<br \/>\nPot\u00eancia: 32W \u2013 Temperatura de cor: 6500k (Branca) \u2013 Cod.: 250101.<br \/>\nMedidas: 16w \u2013 600mm X 115mm X 35mm.<br \/>\nMedidas: 32w \u2013 1200mm x 115mm x 35mm.<\/p>\n<p>BIVOLT Autom\u00e1tico: 100V\u2013240V.<br \/>\n\u00cdndice de Prote\u00e7\u00e3o: IP20.<br \/>\nIRC: >70.<br \/>\nN\u00e3o Dimeriz\u00e1vel.<\/p>\n","protected":false},"excerpt":{"rendered":"<p>A lumin\u00e1ria LED \u00e9 indicada para ilumina\u00e7\u00e3o geral, em ambientes internos como resid\u00eancias, lojas e escrit\u00f3rios. Ela j\u00e1 vem com led incluso e com lente de policarbonato e hermeticamente fechada. Slim: LUMIN\u00c1RIA LED SLIM 18W 6500K BIVOLT &#8211; 251648 LUMIN\u00c1RIA LED SLIM 36W 6500K BIVOLT &#8211; 251649 18w 1500 l\u00famens 6500K 75x600mm 36W 3000 l\u00famens [&hellip;]<\/p>\n","protected":false},"featured_media":5052,"template":"","meta":[],"product_brand":[],"product_cat":[20],"product_tag":[],"class_list":{"0":"post-5051","1":"product","2":"type-product","3":"status-publish","4":"has-post-thumbnail","6":"product_cat-comercial","8":"first","9":"instock","10":"shipping-taxable","11":"purchasable","12":"product-type-simple"},"_links":{"self":[{"href":"https:\/\/www.universoeletrico.com.br\/design\/index.php?rest_route=\/wp\/v2\/product\/5051","targetHints":{"allow":["GET"]}}],"collection":[{"href":"https:\/\/www.universoeletrico.com.br\/design\/index.php?rest_route=\/wp\/v2\/product"}],"about":[{"href":"https:\/\/www.universoeletrico.com.br\/design\/index.php?rest_route=\/wp\/v2\/types\/product"}],"wp:featuredmedia":[{"embeddable":true,"href":"https:\/\/www.universoeletrico.com.br\/design\/index.php?rest_route=\/wp\/v2\/media\/5052"}],"wp:attachment":[{"href":"https:\/\/www.universoeletrico.com.br\/design\/index.php?rest_route=%2Fwp%2Fv2%2Fmedia&parent=5051"}],"wp:term":[{"taxonomy":"product_brand","embeddable":true,"href":"https:\/\/www.universoeletrico.com.br\/design\/index.php?rest_route=%2Fwp%2Fv2%2Fproduct_brand&post=5051"},{"taxonomy":"product_cat","embeddable":true,"href":"https:\/\/www.universoeletrico.com.br\/design\/index.php?rest_route=%2Fwp%2Fv2%2Fproduct_cat&post=5051"},{"taxonomy":"product_tag","embeddable":true,"href":"https:\/\/www.universoeletrico.com.br\/design\/index.php?rest_route=%2Fwp%2Fv2%2Fproduct_tag&post=5051"}],"curies":[{"name":"wp","href":"https:\/\/api.w.org\/{rel}","templated":true}]}}