{"id":4987,"date":"2019-03-15T10:33:24","date_gmt":"2019-03-15T13:33:24","guid":{"rendered":"https:\/\/www.universoeletrico.com.br\/design\/?post_type=product&#038;p=4987"},"modified":"2026-01-15T15:49:32","modified_gmt":"2026-01-15T18:49:32","slug":"lampada-tubo-led-1200mm","status":"publish","type":"product","link":"https:\/\/www.universoeletrico.com.br\/design\/?product=lampada-tubo-led-1200mm","title":{"rendered":"L\u00e2mpada Tubo Led 1200mm"},"content":{"rendered":"<p>Pot\u00eancia: 18\/20W \u2013 Temperatura de cor: 2700k\/3000k (Amarela) \u2013 Cod.: 30953.<br \/>\nPot\u00eancia: 18\/20W \u2013 Temperatura de cor: 4000k (Neutra) \u2013 Cod.: 30210 e 26056.<br \/>\nPot\u00eancia: 20w \u2013 Temperatura de cor: 5000k (Neutra) \u2013 Cod.: 27221.<br \/>\nPot\u00eancia: 18w \u2013 Temperatura de cor: 6500k (Branca) \u2013 Cod.: 26054.<br \/>\nPot\u00eancia: 20w \u2013 Temperatura de cor: 6500k (Branca) \u2013 Cod.: 30240.<\/p>\n<p>Base: G13.<\/p>\n<p>Ideal para uso geral em qual quer ambiente comercial ou residencial. F\u00e1cil instala\u00e7\u00e3o j\u00e1 que n\u00e3o requer grandes conhecimentos t\u00e9cnicos e nem outros acess\u00f3rios como reatores e drives, pode ser instalado diretamente no ponto de luz ou lumin\u00e1ria.<br \/>\nPara mais informa\u00e7\u00f5es t\u00e9cnicas e outras pot\u00eancias nos consulte.<\/p>\n<p><iframe width=\"100%\" height=\"500\" src=\"https:\/\/www.youtube.com\/embed\/2pdHyw3oEWE\" frameborder=\"0\" allow=\"accelerometer; autoplay; encrypted-media; gyroscope; picture-in-picture\" allowfullscreen><\/iframe><\/p>\n","protected":false},"excerpt":{"rendered":"<p>Pot\u00eancia: 18\/20W \u2013 Temperatura de cor: 2700k\/3000k (Amarela) \u2013 Cod.: 30953. Pot\u00eancia: 18\/20W \u2013 Temperatura de cor: 4000k (Neutra) \u2013 Cod.: 30210 e 26056. Pot\u00eancia: 20w \u2013 Temperatura de cor: 5000k (Neutra) \u2013 Cod.: 27221. Pot\u00eancia: 18w \u2013 Temperatura de cor: 6500k (Branca) \u2013 Cod.: 26054. Pot\u00eancia: 20w \u2013 Temperatura de cor: 6500k (Branca) \u2013 [&hellip;]<\/p>\n","protected":false},"featured_media":4988,"template":"","meta":[],"product_brand":[],"product_cat":[42,45],"product_tag":[],"class_list":{"0":"post-4987","1":"product","2":"type-product","3":"status-publish","4":"has-post-thumbnail","6":"product_cat-fitas-e-lampadas","7":"product_cat-lampadas-de-led","9":"first","10":"instock","11":"shipping-taxable","12":"purchasable","13":"product-type-simple"},"_links":{"self":[{"href":"https:\/\/www.universoeletrico.com.br\/design\/index.php?rest_route=\/wp\/v2\/product\/4987","targetHints":{"allow":["GET"]}}],"collection":[{"href":"https:\/\/www.universoeletrico.com.br\/design\/index.php?rest_route=\/wp\/v2\/product"}],"about":[{"href":"https:\/\/www.universoeletrico.com.br\/design\/index.php?rest_route=\/wp\/v2\/types\/product"}],"wp:featuredmedia":[{"embeddable":true,"href":"https:\/\/www.universoeletrico.com.br\/design\/index.php?rest_route=\/wp\/v2\/media\/4988"}],"wp:attachment":[{"href":"https:\/\/www.universoeletrico.com.br\/design\/index.php?rest_route=%2Fwp%2Fv2%2Fmedia&parent=4987"}],"wp:term":[{"taxonomy":"product_brand","embeddable":true,"href":"https:\/\/www.universoeletrico.com.br\/design\/index.php?rest_route=%2Fwp%2Fv2%2Fproduct_brand&post=4987"},{"taxonomy":"product_cat","embeddable":true,"href":"https:\/\/www.universoeletrico.com.br\/design\/index.php?rest_route=%2Fwp%2Fv2%2Fproduct_cat&post=4987"},{"taxonomy":"product_tag","embeddable":true,"href":"https:\/\/www.universoeletrico.com.br\/design\/index.php?rest_route=%2Fwp%2Fv2%2Fproduct_tag&post=4987"}],"curies":[{"name":"wp","href":"https:\/\/api.w.org\/{rel}","templated":true}]}}