{"id":4985,"date":"2019-03-15T10:31:25","date_gmt":"2019-03-15T13:31:25","guid":{"rendered":"https:\/\/www.universoeletrico.com.br\/design\/?post_type=product&#038;p=4985"},"modified":"2026-01-15T15:49:32","modified_gmt":"2026-01-15T18:49:32","slug":"lampada-led-globo-alta-potencia","status":"publish","type":"product","link":"https:\/\/www.universoeletrico.com.br\/design\/?product=lampada-led-globo-alta-potencia","title":{"rendered":"L\u00e2mpada Led Globo Alta Potencia"},"content":{"rendered":"<p>Pot\u00eancia: 20W \u2013 Cod.: 30945.<br \/>\nPot\u00eancia: 30W \u2013 Cod.: 30946 e 30996.<br \/>\nPot\u00eancia: 40w \u2013 Cod.: 30947 e 30997.<br \/>\nPot\u00eancia: 50W \u2013 Cod.: 30995<br \/>\nPot\u00eancia: 65W \u2013 Cod.: 30983.<\/p>\n<p>Temperatura de cor: 6500k<\/p>\n<p>Base: E27 ou E40.<\/p>\n<p>Com elevado fluxo e efici\u00eancia, podem ser usadas em todos os ambientes como pavilh\u00f5es industriais e comerciais ou residencias. Ideais para substituir fluorescentes compactas eletr\u00f4nicas (espirais) em lumin\u00e1rias tipo low bay.<br \/>\nPara mais informa\u00e7\u00f5es t\u00e9cnicas e outras pot\u00eancias nos consulte.<\/p>\n","protected":false},"excerpt":{"rendered":"<p>Pot\u00eancia: 20W \u2013 Cod.: 30945. Pot\u00eancia: 30W \u2013 Cod.: 30946 e 30996. Pot\u00eancia: 40w \u2013 Cod.: 30947 e 30997. Pot\u00eancia: 50W \u2013 Cod.: 30995 Pot\u00eancia: 65W \u2013 Cod.: 30983. Temperatura de cor: 6500k Base: E27 ou E40. Com elevado fluxo e efici\u00eancia, podem ser usadas em todos os ambientes como pavilh\u00f5es industriais e comerciais ou [&hellip;]<\/p>\n","protected":false},"featured_media":4986,"template":"","meta":[],"product_brand":[],"product_cat":[42,45],"product_tag":[],"class_list":{"0":"post-4985","1":"product","2":"type-product","3":"status-publish","4":"has-post-thumbnail","6":"product_cat-fitas-e-lampadas","7":"product_cat-lampadas-de-led","9":"first","10":"instock","11":"shipping-taxable","12":"purchasable","13":"product-type-simple"},"_links":{"self":[{"href":"https:\/\/www.universoeletrico.com.br\/design\/index.php?rest_route=\/wp\/v2\/product\/4985","targetHints":{"allow":["GET"]}}],"collection":[{"href":"https:\/\/www.universoeletrico.com.br\/design\/index.php?rest_route=\/wp\/v2\/product"}],"about":[{"href":"https:\/\/www.universoeletrico.com.br\/design\/index.php?rest_route=\/wp\/v2\/types\/product"}],"wp:featuredmedia":[{"embeddable":true,"href":"https:\/\/www.universoeletrico.com.br\/design\/index.php?rest_route=\/wp\/v2\/media\/4986"}],"wp:attachment":[{"href":"https:\/\/www.universoeletrico.com.br\/design\/index.php?rest_route=%2Fwp%2Fv2%2Fmedia&parent=4985"}],"wp:term":[{"taxonomy":"product_brand","embeddable":true,"href":"https:\/\/www.universoeletrico.com.br\/design\/index.php?rest_route=%2Fwp%2Fv2%2Fproduct_brand&post=4985"},{"taxonomy":"product_cat","embeddable":true,"href":"https:\/\/www.universoeletrico.com.br\/design\/index.php?rest_route=%2Fwp%2Fv2%2Fproduct_cat&post=4985"},{"taxonomy":"product_tag","embeddable":true,"href":"https:\/\/www.universoeletrico.com.br\/design\/index.php?rest_route=%2Fwp%2Fv2%2Fproduct_tag&post=4985"}],"curies":[{"name":"wp","href":"https:\/\/api.w.org\/{rel}","templated":true}]}}