{"id":4967,"date":"2019-03-15T10:16:41","date_gmt":"2019-03-15T13:16:41","guid":{"rendered":"https:\/\/www.universoeletrico.com.br\/design\/?post_type=product&#038;p=4967"},"modified":"2026-02-18T16:47:32","modified_gmt":"2026-02-18T19:47:32","slug":"lampada-filamento-led-globo-baloon","status":"publish","type":"product","link":"https:\/\/www.universoeletrico.com.br\/design\/?product=lampada-filamento-led-globo-baloon","title":{"rendered":"LAMPADA LED FILAM G95 4W 2,2K E27 BIV"},"content":{"rendered":"<p>Proposta que une o cl\u00e1ssico e a tecnologia, com design retr\u00f4, em pe\u00e7as criadas para garantir bem-estar, aconchego e, ao mesmo tempo, efici\u00eancia. Esta l\u00e2mpada fica excelente em pendentes e lustres ou mesmo instalado diretamente no recept\u00e1culo<\/p>\n<p>L\u00e2mpada Balloon G80 Filamento Vintage LED<\/p>\n<p>&nbsp;<\/p>\n<p>Base: E27<br \/>\nTens\u00e3o: AC 100-240V<br \/>\nFator de pot\u00eancia: &gt;0.40<br \/>\nCorrente nominal: 0,026A(127V) \/ 0,018A(220V)<br \/>\nFluxo luminoso: 200lm<br \/>\nEfici\u00eancia luminosa: 100lm\/W<br \/>\n\u00c2ngulo de abertura: 360\u00b0<br \/>\nIRC: 80<br \/>\nVida \u00fatil (L70): 15.000h<br \/>\nTemperatura cor 2200k<\/p>\n","protected":false},"excerpt":{"rendered":"<p>Proposta que une o cl\u00e1ssico e a tecnologia, com design retr\u00f4, em pe\u00e7as criadas para garantir bem-estar, aconchego e, ao mesmo tempo, efici\u00eancia. Esta l\u00e2mpada fica excelente em pendentes e lustres ou mesmo instalado diretamente no recept\u00e1culo L\u00e2mpada Balloon G80 Filamento Vintage LED &nbsp; Base: E27 Tens\u00e3o: AC 100-240V Fator de pot\u00eancia: &gt;0.40 Corrente nominal: [&hellip;]<\/p>\n","protected":false},"featured_media":11727,"template":"","meta":[],"product_brand":[],"product_cat":[42,45],"product_tag":[266,267,269,270,268],"class_list":{"0":"post-4967","1":"product","2":"type-product","3":"status-publish","4":"has-post-thumbnail","6":"product_cat-fitas-e-lampadas","7":"product_cat-lampadas-de-led","8":"product_tag-lampada-filamento","9":"product_tag-lampada-globo","10":"product_tag-lampada-retro","11":"product_tag-led-retro","12":"product_tag-led-vintage","14":"first","15":"instock","16":"shipping-taxable","17":"purchasable","18":"product-type-simple"},"_links":{"self":[{"href":"https:\/\/www.universoeletrico.com.br\/design\/index.php?rest_route=\/wp\/v2\/product\/4967","targetHints":{"allow":["GET"]}}],"collection":[{"href":"https:\/\/www.universoeletrico.com.br\/design\/index.php?rest_route=\/wp\/v2\/product"}],"about":[{"href":"https:\/\/www.universoeletrico.com.br\/design\/index.php?rest_route=\/wp\/v2\/types\/product"}],"wp:featuredmedia":[{"embeddable":true,"href":"https:\/\/www.universoeletrico.com.br\/design\/index.php?rest_route=\/wp\/v2\/media\/11727"}],"wp:attachment":[{"href":"https:\/\/www.universoeletrico.com.br\/design\/index.php?rest_route=%2Fwp%2Fv2%2Fmedia&parent=4967"}],"wp:term":[{"taxonomy":"product_brand","embeddable":true,"href":"https:\/\/www.universoeletrico.com.br\/design\/index.php?rest_route=%2Fwp%2Fv2%2Fproduct_brand&post=4967"},{"taxonomy":"product_cat","embeddable":true,"href":"https:\/\/www.universoeletrico.com.br\/design\/index.php?rest_route=%2Fwp%2Fv2%2Fproduct_cat&post=4967"},{"taxonomy":"product_tag","embeddable":true,"href":"https:\/\/www.universoeletrico.com.br\/design\/index.php?rest_route=%2Fwp%2Fv2%2Fproduct_tag&post=4967"}],"curies":[{"name":"wp","href":"https:\/\/api.w.org\/{rel}","templated":true}]}}