{"id":4955,"date":"2019-03-15T10:05:33","date_gmt":"2019-03-15T13:05:33","guid":{"rendered":"https:\/\/www.universoeletrico.com.br\/design\/?post_type=product&#038;p=4955"},"modified":"2026-01-15T15:49:37","modified_gmt":"2026-01-15T18:49:37","slug":"drive-para-fita-led","status":"publish","type":"product","link":"https:\/\/www.universoeletrico.com.br\/design\/?product=drive-para-fita-led","title":{"rendered":"DRIVER 12V SLIM P\/FITA LED 100W 127\/240V-12V"},"content":{"rendered":"<p>Os Drives s\u00e3o necess\u00e1rios para instala\u00e7\u00e3o das Fitas de led 12V e 24v, eles servem para transformar a energia da rede com tens\u00e3o 127 ou 220v em corrente de 12v ou 24v.<\/p>\n<p>c\u00e1lculo para escolha do drive \/Fonte ( deve-se considerar uma reserva de 20% na carga do drive\/fonte)<br \/>\npot\u00eancia da fita x quantidade de metros.<\/p>\n<ul>\n<li>\n<strong>EXEMPLO DE COMO FAZER O C\u00c1LCULO DO DRIVER DE ACORDO COM A FITA E QUANTIDADE<\/strong><br \/>\nPara 5 metros fita led 4,8w = 4,8w potencia x 5 metros de fita = 24w total- Assim deve-se usar um igual ou superior a 30w j\u00e1 considerando a reserva de 20%<br \/>\nLink para as fita leds:<br \/>\nhttps:\/\/www.universoeletrico.com.br\/design\/categoria-produto\/tecnologia-led\/fita-led\/<\/li>\n<\/ul>\n<p>CONSULTE NOSSA EQUIPE APRA OUTRAS POT\u00caNCIAS DE DRIVES DISPOINVEIS<\/p>\n<p>251918 &#8211; DRIVER SLIM P\/FITA LED 24W 100\/240V-12V<\/p>\n<p>251919 &#8211; DRIVER SLIM P\/FITA LED 36W 100\/240V-12V<\/p>\n<p>251920 &#8211; DRIVER SLIM P\/FITA LED 48W 100\/240V-12V<\/p>\n<p>251921 &#8211; DRIVER SLIM P\/FITA LED 60W 100\/240V-12V<\/p>\n<p>251922 &#8211; DRIVER SLIM P\/FITA LED 72W 100\/240V-12V<\/p>\n<p>251139 &#8211; DRIVER SLIM P\/FITA LED 150W 100\/240V-12V<\/p>\n<p>256267 &#8211; DRIVER SLIM P\/FITA LED 200W 127\/240V-12V<\/p>\n<p>256266 &#8211; DRIVER SLIM P\/FITA LED 300W 127\/220V 12V<\/p>\n","protected":false},"excerpt":{"rendered":"<p>Os Drives s\u00e3o necess\u00e1rios para instala\u00e7\u00e3o das Fitas de led 12V e 24v, eles servem para transformar a energia da rede com tens\u00e3o 127 ou 220v em corrente de 12v ou 24v. c\u00e1lculo para escolha do drive \/Fonte ( deve-se considerar uma reserva de 20% na carga do drive\/fonte) pot\u00eancia da fita x quantidade de [&hellip;]<\/p>\n","protected":false},"featured_media":4956,"template":"","meta":[],"product_brand":[],"product_cat":[43,42],"product_tag":[176,173,175,87,177,174],"class_list":{"0":"post-4955","1":"product","2":"type-product","3":"status-publish","4":"has-post-thumbnail","6":"product_cat-fita-led","7":"product_cat-fitas-e-lampadas","8":"product_tag-alimentar-fita","9":"product_tag-driver-para-fita-led","10":"product_tag-driver-slim","11":"product_tag-fita-led","12":"product_tag-fita12v","13":"product_tag-fonte-chaveada","15":"first","16":"instock","17":"shipping-taxable","18":"purchasable","19":"product-type-simple"},"_links":{"self":[{"href":"https:\/\/www.universoeletrico.com.br\/design\/index.php?rest_route=\/wp\/v2\/product\/4955","targetHints":{"allow":["GET"]}}],"collection":[{"href":"https:\/\/www.universoeletrico.com.br\/design\/index.php?rest_route=\/wp\/v2\/product"}],"about":[{"href":"https:\/\/www.universoeletrico.com.br\/design\/index.php?rest_route=\/wp\/v2\/types\/product"}],"wp:featuredmedia":[{"embeddable":true,"href":"https:\/\/www.universoeletrico.com.br\/design\/index.php?rest_route=\/wp\/v2\/media\/4956"}],"wp:attachment":[{"href":"https:\/\/www.universoeletrico.com.br\/design\/index.php?rest_route=%2Fwp%2Fv2%2Fmedia&parent=4955"}],"wp:term":[{"taxonomy":"product_brand","embeddable":true,"href":"https:\/\/www.universoeletrico.com.br\/design\/index.php?rest_route=%2Fwp%2Fv2%2Fproduct_brand&post=4955"},{"taxonomy":"product_cat","embeddable":true,"href":"https:\/\/www.universoeletrico.com.br\/design\/index.php?rest_route=%2Fwp%2Fv2%2Fproduct_cat&post=4955"},{"taxonomy":"product_tag","embeddable":true,"href":"https:\/\/www.universoeletrico.com.br\/design\/index.php?rest_route=%2Fwp%2Fv2%2Fproduct_tag&post=4955"}],"curies":[{"name":"wp","href":"https:\/\/api.w.org\/{rel}","templated":true}]}}