{"id":4938,"date":"2025-12-15T09:49:17","date_gmt":"2025-12-15T12:49:17","guid":{"rendered":"https:\/\/www.universoeletrico.com.br\/design\/?post_type=product&#038;p=4938"},"modified":"2026-01-15T15:49:39","modified_gmt":"2026-01-15T18:49:39","slug":"fita-led-rgb-kit-fitadrivecontrole-12v-127v-220v","status":"publish","type":"product","link":"https:\/\/www.universoeletrico.com.br\/design\/?product=fita-led-rgb-kit-fitadrivecontrole-12v-127v-220v","title":{"rendered":"FITA LED RGB 5W\/M 12VC\/FONTE\/CONTROLE ROLO &#8211;  5M"},"content":{"rendered":"<p>Quer mais cor na sua fachada ou jardim? aS fita LED RGB \u00e9\u00a0<mark class=\"HxTRcb\" data-processed=\"true\">proporcionar\u00a0<strong class=\"Yjhzub\" data-processed=\"true\">ilumina\u00e7\u00e3o decorativa vers\u00e1til e personaliz\u00e1vel<\/strong><\/mark>, misturando as cores prim\u00e1rias (Vermelho, Verde, Azul) para criar um espectro completo, ideal para destacar ambientes, criar atmosferas em festas, vitrines, escrit\u00f3rios de gamers, e at\u00e9 automa\u00e7\u00e3o residencial, tudo control\u00e1vel por controle remoto Ee em alguns modelos at\u00e9 por app para efeitos din\u00e2micos e cores variadas, ou uma luz branca definida em modelos RGBW.<span class=\"uJ19be notranslate\" data-wiz-uids=\"hrBIQ_c,hrBIQ_d,hrBIQ_e\" data-processed=\"true\"><span class=\"vKEkVd\" data-animation-atomic=\"\" data-wiz-attrbind=\"class=hrBIQ_c\/TKHnVd;\" data-processed=\"true\">\u00a0<\/span><\/span><\/p>\n<p>POTENCIA &#8211; 5W METRO<\/p>\n<p>CONTROLE REMOTO INFRAVERMELHO E DRIVE 12V &#8211;\u00a0 INCLUSOS<\/p>\n<p>&nbsp;<\/p>\n<p>CONSULTE NOSSA EQUIPE DE VENDAS OUTRAS OP\u00c7\u00d5ES DE POT\u00caNCIA DA FITA RGB DISPONIVEIS<\/p>\n<p>256475 &#8211; FITA LED RGB 10W\/M 12V C\/FONTE\/CONTR.2M ( produto completo, incluso 2 metros fita, 1 driver 12v e 1 controle infra)<\/p>\n<p>op\u00e7\u00e3o IP &#8211; 65 uso Externo<br \/>\n253589 &#8211; FITA LED 4040 127V &#8211; 14,4W RGB 10MM# ( somente fita)<\/p>\n","protected":false},"excerpt":{"rendered":"<p>Quer mais cor na sua fachada ou jardim? aS fita LED RGB \u00e9\u00a0proporcionar\u00a0ilumina\u00e7\u00e3o decorativa vers\u00e1til e personaliz\u00e1vel, misturando as cores prim\u00e1rias (Vermelho, Verde, Azul) para criar um espectro completo, ideal para destacar ambientes, criar atmosferas em festas, vitrines, escrit\u00f3rios de gamers, e at\u00e9 automa\u00e7\u00e3o residencial, tudo control\u00e1vel por controle remoto Ee em alguns modelos at\u00e9 [&hellip;]<\/p>\n","protected":false},"featured_media":4939,"template":"","meta":[],"product_brand":[],"product_cat":[43,42],"product_tag":[186,185,183,184],"class_list":{"0":"post-4938","1":"product","2":"type-product","3":"status-publish","4":"has-post-thumbnail","6":"product_cat-fita-led","7":"product_cat-fitas-e-lampadas","8":"product_tag-fita-rgb","9":"product_tag-ilumacao-fachadas-e-nichos","10":"product_tag-iluminacao-colorida","11":"product_tag-iluminacao-salaao-de-festas","13":"first","14":"instock","15":"shipping-taxable","16":"purchasable","17":"product-type-simple"},"_links":{"self":[{"href":"https:\/\/www.universoeletrico.com.br\/design\/index.php?rest_route=\/wp\/v2\/product\/4938","targetHints":{"allow":["GET"]}}],"collection":[{"href":"https:\/\/www.universoeletrico.com.br\/design\/index.php?rest_route=\/wp\/v2\/product"}],"about":[{"href":"https:\/\/www.universoeletrico.com.br\/design\/index.php?rest_route=\/wp\/v2\/types\/product"}],"wp:featuredmedia":[{"embeddable":true,"href":"https:\/\/www.universoeletrico.com.br\/design\/index.php?rest_route=\/wp\/v2\/media\/4939"}],"wp:attachment":[{"href":"https:\/\/www.universoeletrico.com.br\/design\/index.php?rest_route=%2Fwp%2Fv2%2Fmedia&parent=4938"}],"wp:term":[{"taxonomy":"product_brand","embeddable":true,"href":"https:\/\/www.universoeletrico.com.br\/design\/index.php?rest_route=%2Fwp%2Fv2%2Fproduct_brand&post=4938"},{"taxonomy":"product_cat","embeddable":true,"href":"https:\/\/www.universoeletrico.com.br\/design\/index.php?rest_route=%2Fwp%2Fv2%2Fproduct_cat&post=4938"},{"taxonomy":"product_tag","embeddable":true,"href":"https:\/\/www.universoeletrico.com.br\/design\/index.php?rest_route=%2Fwp%2Fv2%2Fproduct_tag&post=4938"}],"curies":[{"name":"wp","href":"https:\/\/api.w.org\/{rel}","templated":true}]}}