{"id":4933,"date":"2019-03-15T09:46:06","date_gmt":"2019-03-15T12:46:06","guid":{"rendered":"https:\/\/www.universoeletrico.com.br\/design\/?post_type=product&#038;p=4933"},"modified":"2026-01-15T15:49:40","modified_gmt":"2026-01-15T18:49:40","slug":"fita-led-12v","status":"publish","type":"product","link":"https:\/\/www.universoeletrico.com.br\/design\/?product=fita-led-12v","title":{"rendered":"FITA LED 18W\/M 240 LED 3000K 12V IP20 5M  COM ADESIVO AUTO COLANTE"},"content":{"rendered":"<p>As Fita Led 12v s\u00e3o\u00a0 excelente op\u00e7\u00f5es para ilumina\u00e7\u00e3o residencial e podem ser usadas em perfis, sancas e\u00a0 nichos al\u00e9m de prateleiras e marcenaria em geral. Voc\u00ea vai experimentar um efeito luminoso homog\u00eaneo, colocando criatividade e decora\u00e7\u00e3o em primeiro lugar.<br \/>\nSua aplica\u00e7\u00e3o \u00e9 f\u00e1cil e r\u00e1pida, pois ela j\u00e1 vem com adesivo para ser fixado em quase todas as superf\u00edcies.<br \/>\nop\u00e7\u00f5es de pot\u00eancias e temperatura de cor<\/p>\n<p>Potencia &#8211; 18w por metro<\/p>\n<p>Tens\u00e3o &#8211; 12v (obrigat\u00f3rio uso de drive, vendido separadamente)<\/p>\n<p>Fluxo luminoso 1800 lumens por metro<\/p>\n<p>Temperatura de cor 3000k<\/p>\n<p>Grau de prote\u00e7\u00e3o &#8211; Ip-20 &#8211; uso interno<\/p>\n<p>Rolo de 5 metros<\/p>\n<p>Consulte outras op\u00e7\u00f5es de tempratura de cor e pot\u00eancia em nossa p\u00e1gina de fitas de led<\/p>\n<p>&nbsp;<\/p>\n<p>256633 &#8211; FITA LED 18W\/M 240 LED 6500K 12V IP20 5M<\/p>\n<p>253325 &#8211; FITA LED 18W\/M 240 LED 4000K 12V IP20 5M<\/p>\n<p>253156 &#8211; FITA LED 18W\/M 240 LED 2700K 12V IP20 5M<\/p>\n<p>Necessita uso de drive 12v vendido separadamente encontrado no link abaixo:<br \/>\nhttps:\/\/www.universoeletrico.com.br\/design\/produto\/drive-para-fita-led\/<\/p>\n<p><iframe src=\"https:\/\/www.youtube.com\/embed\/H5oWUH-fSHI\" width=\"100%\" height=\"500px\" frameborder=\"0\" allowfullscreen=\"allowfullscreen\"><\/iframe><\/p>\n","protected":false},"excerpt":{"rendered":"<p>As Fita Led 12v s\u00e3o\u00a0 excelente op\u00e7\u00f5es para ilumina\u00e7\u00e3o residencial e podem ser usadas em perfis, sancas e\u00a0 nichos al\u00e9m de prateleiras e marcenaria em geral. Voc\u00ea vai experimentar um efeito luminoso homog\u00eaneo, colocando criatividade e decora\u00e7\u00e3o em primeiro lugar. Sua aplica\u00e7\u00e3o \u00e9 f\u00e1cil e r\u00e1pida, pois ela j\u00e1 vem com adesivo para ser fixado [&hellip;]<\/p>\n","protected":false},"featured_media":11401,"template":"","meta":[],"product_brand":[],"product_cat":[43,42],"product_tag":[87,170,172,171,52],"class_list":{"0":"post-4933","1":"product","2":"type-product","3":"status-publish","4":"has-post-thumbnail","6":"product_cat-fita-led","7":"product_cat-fitas-e-lampadas","8":"product_tag-fita-led","9":"product_tag-ilumacao-de-perfil","10":"product_tag-iluminacao-flexivel","11":"product_tag-iluminacaomarcenaria","12":"product_tag-perfil-led","14":"first","15":"instock","16":"shipping-taxable","17":"purchasable","18":"product-type-simple"},"_links":{"self":[{"href":"https:\/\/www.universoeletrico.com.br\/design\/index.php?rest_route=\/wp\/v2\/product\/4933","targetHints":{"allow":["GET"]}}],"collection":[{"href":"https:\/\/www.universoeletrico.com.br\/design\/index.php?rest_route=\/wp\/v2\/product"}],"about":[{"href":"https:\/\/www.universoeletrico.com.br\/design\/index.php?rest_route=\/wp\/v2\/types\/product"}],"wp:featuredmedia":[{"embeddable":true,"href":"https:\/\/www.universoeletrico.com.br\/design\/index.php?rest_route=\/wp\/v2\/media\/11401"}],"wp:attachment":[{"href":"https:\/\/www.universoeletrico.com.br\/design\/index.php?rest_route=%2Fwp%2Fv2%2Fmedia&parent=4933"}],"wp:term":[{"taxonomy":"product_brand","embeddable":true,"href":"https:\/\/www.universoeletrico.com.br\/design\/index.php?rest_route=%2Fwp%2Fv2%2Fproduct_brand&post=4933"},{"taxonomy":"product_cat","embeddable":true,"href":"https:\/\/www.universoeletrico.com.br\/design\/index.php?rest_route=%2Fwp%2Fv2%2Fproduct_cat&post=4933"},{"taxonomy":"product_tag","embeddable":true,"href":"https:\/\/www.universoeletrico.com.br\/design\/index.php?rest_route=%2Fwp%2Fv2%2Fproduct_tag&post=4933"}],"curies":[{"name":"wp","href":"https:\/\/api.w.org\/{rel}","templated":true}]}}