{"id":4894,"date":"2019-03-15T09:09:31","date_gmt":"2019-03-15T12:09:31","guid":{"rendered":"https:\/\/www.universoeletrico.com.br\/design\/?post_type=product&#038;p=4894"},"modified":"2026-01-15T15:50:24","modified_gmt":"2026-01-15T18:50:24","slug":"poste-balizador-quadrado","status":"publish","type":"product","link":"https:\/\/www.universoeletrico.com.br\/design\/?product=poste-balizador-quadrado","title":{"rendered":"POSTE BALIZADOR BT SLIM 1XE27 30CM PT#"},"content":{"rendered":"<p><strong>O Poste balizador com Lente, <\/strong>possui uma ilumina\u00e7\u00e3o difusa ideal para sinalizar caminhos e jardins. Otimizado para \u00e1reas externas o poste possui v\u00e1rias op\u00e7\u00f5es de cores em tr\u00eas tamanhos al\u00e9m de arandelas e balizadores que comp\u00f5em a linha.<\/p>\n<p><a>Produto desenvolvido e fabricado no Brasil, possui corpo em alum\u00ednio e lente difusa, pintura epoxi , soquete E27,<\/a><\/p>\n<p>dimess\u00f5es\u00a0 30cm altura<\/p>\n<p>Acabamento &#8211; preto fosco<\/p>\n<p>Aluminio<\/p>\n<p>Soquete e-27<\/p>\n<p>Consulte outras op\u00e7\u00f5es de tamanhos e cor<\/p>\n<p>50cm -75 cm &#8211; 1mt<\/p>\n<p>Branco &#8211; marron &#8211; cinza<\/p>\n","protected":false},"excerpt":{"rendered":"<p>O Poste balizador com Lente, possui uma ilumina\u00e7\u00e3o difusa ideal para sinalizar caminhos e jardins. Otimizado para \u00e1reas externas o poste possui v\u00e1rias op\u00e7\u00f5es de cores em tr\u00eas tamanhos al\u00e9m de arandelas e balizadores que comp\u00f5em a linha. Produto desenvolvido e fabricado no Brasil, possui corpo em alum\u00ednio e lente difusa, pintura epoxi , soquete [&hellip;]<\/p>\n","protected":false},"featured_media":11444,"template":"","meta":[],"product_brand":[],"product_cat":[28,39],"product_tag":[],"class_list":{"0":"post-4894","1":"product","2":"type-product","3":"status-publish","4":"has-post-thumbnail","6":"product_cat-area-externa","7":"product_cat-postes","9":"first","10":"instock","11":"shipping-taxable","12":"purchasable","13":"product-type-simple"},"_links":{"self":[{"href":"https:\/\/www.universoeletrico.com.br\/design\/index.php?rest_route=\/wp\/v2\/product\/4894","targetHints":{"allow":["GET"]}}],"collection":[{"href":"https:\/\/www.universoeletrico.com.br\/design\/index.php?rest_route=\/wp\/v2\/product"}],"about":[{"href":"https:\/\/www.universoeletrico.com.br\/design\/index.php?rest_route=\/wp\/v2\/types\/product"}],"wp:featuredmedia":[{"embeddable":true,"href":"https:\/\/www.universoeletrico.com.br\/design\/index.php?rest_route=\/wp\/v2\/media\/11444"}],"wp:attachment":[{"href":"https:\/\/www.universoeletrico.com.br\/design\/index.php?rest_route=%2Fwp%2Fv2%2Fmedia&parent=4894"}],"wp:term":[{"taxonomy":"product_brand","embeddable":true,"href":"https:\/\/www.universoeletrico.com.br\/design\/index.php?rest_route=%2Fwp%2Fv2%2Fproduct_brand&post=4894"},{"taxonomy":"product_cat","embeddable":true,"href":"https:\/\/www.universoeletrico.com.br\/design\/index.php?rest_route=%2Fwp%2Fv2%2Fproduct_cat&post=4894"},{"taxonomy":"product_tag","embeddable":true,"href":"https:\/\/www.universoeletrico.com.br\/design\/index.php?rest_route=%2Fwp%2Fv2%2Fproduct_tag&post=4894"}],"curies":[{"name":"wp","href":"https:\/\/api.w.org\/{rel}","templated":true}]}}