{"id":4873,"date":"2019-03-15T08:54:59","date_gmt":"2019-03-15T11:54:59","guid":{"rendered":"https:\/\/www.universoeletrico.com.br\/design\/?post_type=product&#038;p=4873"},"modified":"2026-01-15T15:50:27","modified_gmt":"2026-01-15T18:50:27","slug":"balizador-com-lente-acrilico-2x4","status":"publish","type":"product","link":"https:\/\/www.universoeletrico.com.br\/design\/?product=balizador-com-lente-acrilico-2x4","title":{"rendered":"BALIZADOR EMB ABS 1XG9 12X8CM BC &#8211; PARA CAIXA 4X2"},"content":{"rendered":"<p>Com o balizador voc\u00ea ter\u00e1 a ilumina\u00e7\u00e3o perfeita para destacar escadas, corredores, jardins e muros, proporcionando um ambiente agrad\u00e1vel e convidativo. Aproveite a versatilidade e efici\u00eancia do balizador de embutir\u00a0 para transformar seus espa\u00e7os com uma ilumina\u00e7\u00e3o de qualidade, mesmo em \u00e1reas sujeitas \u00e0 maresia. A Ilumina\u00e7\u00e3o nos seus espa\u00e7os internos e externos com o balizador de embutir. Com dimens\u00f5es de 12,0 cm x 8,0 cm x 4,0 cm, esse balizador embutido oferece uma solu\u00e7\u00e3o compacta e eficiente. Sua caixa de instala\u00e7\u00e3o de tamanho padr\u00e3o, 4&#215;2, permite uma instala\u00e7\u00e3o f\u00e1cil e pr\u00e1tica.<\/p>\n<ul>\n<li>Uso: Interno e Externo<\/li>\n<li>Dimens\u00e3o: 12,0 cm x 8,0 cm x 4,0 cm<\/li>\n<li>Caixa de instala\u00e7\u00e3o:\u00a04&#215;2<\/li>\n<li>Soquete G9 &#8211; Para l\u00e2mpadas halopin de LED (N\u00e3o acompanha)<\/li>\n<li>Material: ABS e acr\u00edlico<\/li>\n<\/ul>\n<p><strong>CONSULTE NOSSA EQUIPE DE VENDAS PARA OP\u00c7\u00d5ES DE ACABAMENTOS<\/strong><\/p>\n<p>252973 &#8211; BALIZADOR EMB ABS 1XG9 4X2 12X8CM PT<\/p>\n<h2>Saiba como escolher o balizador certo conforme seu projeto<\/h2>\n<div class=\"Y3BBE\" data-sfc-cp=\"\" data-hveid=\"CAEICBAA\" data-processed=\"true\" data-complete=\"true\"><strong class=\"Yjhzub\" data-complete=\"true\" data-processed=\"true\">Balizador LED\u00a0 \u2013 Seguran\u00e7a Inteligente e Design Minimalista<\/strong><button class=\"rBl3me\" tabindex=\"0\" data-amic=\"true\" data-icl-uuid=\"157dc8ec-3c28-491d-8c52-d1087386ca3a\" aria-label=\"Mostrar links relacionados\" data-wiz-attrbind=\"disabled=rnND6e_3n\/C5gNJc;class=rnND6e_3n\/UpSNec\" data-ved=\"2ahUKEwji8O6g0PyRAxUDIrkGHbr8IKAQye0OegYIAQgIEAE\"><\/button><\/div>\n<div class=\"Y3BBE\" data-sfc-cp=\"\" data-hveid=\"CAEICRAA\" data-processed=\"true\" data-complete=\"true\">&#8220;Guie seus passos com a eleg\u00e2ncia da ilumina\u00e7\u00e3o t\u00e9cnica. Nossos balizadores foram projetados para transformar escadas e corredores em caminhos seguros, sem comprometer o conforto visual ou a est\u00e9tica do ambiente.&#8221;<button class=\"rBl3me\" tabindex=\"0\" data-amic=\"true\" data-icl-uuid=\"637d91a7-9e47-463f-abc7-297511b9cca2\" aria-label=\"Mostrar links relacionados\" data-wiz-attrbind=\"disabled=rnND6e_3r\/C5gNJc;class=rnND6e_3r\/UpSNec\" data-ved=\"2ahUKEwji8O6g0PyRAxUDIrkGHbr8IKAQye0OegYIAQgJEAE\"><\/button><\/div>\n<ul class=\"KsbFXc U6u95\" data-complete=\"true\" data-processed=\"true\">\n<li data-hveid=\"CAEIChAA\" data-complete=\"true\" data-sae=\"\"><span class=\"T286Pc\" data-sfc-cp=\"\" data-complete=\"true\"><strong class=\"Yjhzub\" data-complete=\"true\">Ilumina\u00e7\u00e3o de Orienta\u00e7\u00e3o (Facho Direcionado):<\/strong>\u00a0Projetado com facho de luz voltado para baixo, iluminando apenas o degrau e eliminando o ofuscamento direto nos olhos.<\/span><\/li>\n<li data-hveid=\"CAEIChAB\" data-complete=\"true\" data-sae=\"\"><span class=\"T286Pc\" data-sfc-cp=\"\" data-complete=\"true\"><strong class=\"Yjhzub\" data-complete=\"true\">Efici\u00eancia e Delicadeza:<\/strong>\u00a0Pot\u00eancia otimizada de\u00a0<strong class=\"Yjhzub\" data-complete=\"true\">2W<\/strong>, proporcionando o brilho exato para sinaliza\u00e7\u00e3o noturna com consumo m\u00ednimo de energia.<\/span><\/li>\n<li data-hveid=\"CAEIChAC\" data-complete=\"true\" data-sae=\"\"><span class=\"T286Pc\" data-sfc-cp=\"\" data-complete=\"true\"><strong class=\"Yjhzub\" data-complete=\"true\">Versatilidade de Projeto:<\/strong><\/span>\n<ul class=\"KsbFXc U6u95\" data-complete=\"true\">\n<li data-hveid=\"CAEIChAD\" data-complete=\"true\" data-sae=\"\"><span class=\"T286Pc\" data-sfc-cp=\"\" data-complete=\"true\"><strong class=\"Yjhzub\" data-complete=\"true\">Facho Aberto:<\/strong>\u00a0Para ilumina\u00e7\u00e3o ampla e funcional do degrau inteiro.<\/span><\/li>\n<li data-hveid=\"CAEIChAE\" data-complete=\"true\" data-sae=\"\"><span class=\"T286Pc\" data-sfc-cp=\"\" data-complete=\"true\"><strong class=\"Yjhzub\" data-complete=\"true\">Facho Pontual (Efeito):<\/strong>\u00a0Para criar marcas de luz decorativas e real\u00e7ar a textura dos materiais.<\/span><\/li>\n<\/ul>\n<\/li>\n<li data-hveid=\"CAEIChAF\" data-complete=\"true\" data-sae=\"\"><span class=\"T286Pc\" data-sfc-cp=\"\" data-complete=\"true\"><strong class=\"Yjhzub\" data-complete=\"true\">Alta Durabilidade:<\/strong>\u00a0Dispon\u00edvel em acabamentos de alum\u00ednio com tratamento anticorrosivo e prote\u00e7\u00e3o\u00a0<strong class=\"Yjhzub\" data-complete=\"true\">IP65<\/strong>, garantindo performance tanto em escadas internas quanto em \u00e1reas externas expostas ao tempo.<\/span><\/li>\n<li data-hveid=\"CAEIChAG\" data-complete=\"true\" data-sae=\"\"><span class=\"T286Pc\" data-sfc-cp=\"\" data-complete=\"true\"><strong class=\"Yjhzub\" data-complete=\"true\">Est\u00e9tica 2026:<\/strong>\u00a0Design ultra-fino que se integra \u00e0 arquitetura, dispon\u00edvel em temperaturas de cor quente (3000K) para ambientes residenciais aconchegantes<\/span><\/li>\n<\/ul>\n","protected":false},"excerpt":{"rendered":"<p>Com o balizador voc\u00ea ter\u00e1 a ilumina\u00e7\u00e3o perfeita para destacar escadas, corredores, jardins e muros, proporcionando um ambiente agrad\u00e1vel e convidativo. Aproveite a versatilidade e efici\u00eancia do balizador de embutir\u00a0 para transformar seus espa\u00e7os com uma ilumina\u00e7\u00e3o de qualidade, mesmo em \u00e1reas sujeitas \u00e0 maresia. A Ilumina\u00e7\u00e3o nos seus espa\u00e7os internos e externos com o [&hellip;]<\/p>\n","protected":false},"featured_media":11636,"template":"","meta":[],"product_brand":[],"product_cat":[28,36],"product_tag":[],"class_list":{"0":"post-4873","1":"product","2":"type-product","3":"status-publish","4":"has-post-thumbnail","6":"product_cat-area-externa","7":"product_cat-balizadores-de-parede-e-escada","9":"first","10":"instock","11":"shipping-taxable","12":"purchasable","13":"product-type-simple"},"_links":{"self":[{"href":"https:\/\/www.universoeletrico.com.br\/design\/index.php?rest_route=\/wp\/v2\/product\/4873","targetHints":{"allow":["GET"]}}],"collection":[{"href":"https:\/\/www.universoeletrico.com.br\/design\/index.php?rest_route=\/wp\/v2\/product"}],"about":[{"href":"https:\/\/www.universoeletrico.com.br\/design\/index.php?rest_route=\/wp\/v2\/types\/product"}],"wp:featuredmedia":[{"embeddable":true,"href":"https:\/\/www.universoeletrico.com.br\/design\/index.php?rest_route=\/wp\/v2\/media\/11636"}],"wp:attachment":[{"href":"https:\/\/www.universoeletrico.com.br\/design\/index.php?rest_route=%2Fwp%2Fv2%2Fmedia&parent=4873"}],"wp:term":[{"taxonomy":"product_brand","embeddable":true,"href":"https:\/\/www.universoeletrico.com.br\/design\/index.php?rest_route=%2Fwp%2Fv2%2Fproduct_brand&post=4873"},{"taxonomy":"product_cat","embeddable":true,"href":"https:\/\/www.universoeletrico.com.br\/design\/index.php?rest_route=%2Fwp%2Fv2%2Fproduct_cat&post=4873"},{"taxonomy":"product_tag","embeddable":true,"href":"https:\/\/www.universoeletrico.com.br\/design\/index.php?rest_route=%2Fwp%2Fv2%2Fproduct_tag&post=4873"}],"curies":[{"name":"wp","href":"https:\/\/api.w.org\/{rel}","templated":true}]}}