{"id":4866,"date":"2019-03-15T08:49:22","date_gmt":"2019-03-15T11:49:22","guid":{"rendered":"https:\/\/www.universoeletrico.com.br\/design\/?post_type=product&#038;p=4866"},"modified":"2026-01-15T15:50:27","modified_gmt":"2026-01-15T18:50:27","slug":"balizador-rasgo-luz","status":"publish","type":"product","link":"https:\/\/www.universoeletrico.com.br\/design\/?product=balizador-rasgo-luz","title":{"rendered":"Balizador Rasgo Luz"},"content":{"rendered":"<p>Data8 de setembro de 2017<br \/>\nBalizador rasgo de luz em Alum\u00ednio<br \/>\nBase G-9 \u2013 l\u00e2mpadas Halopin G-9 Led e Halopin Halogena convencional<br \/>\nOp\u00e7\u00f5es para uso interno e uso externo ( no tempo)<\/p>\n<p>Aplica\u00e7\u00e3o:<\/p>\n<p>Os balizadores s\u00e3o usados como luz guia, s\u00e3o muito utilizados em escadas corredores ou muros, em \u00e1reas externas ou internas. \u00c9 um item de ilumina\u00e7\u00e3o usado para deixar o ambiente com um visual mais elegante e sofisticado.<br \/>\nop\u00e7\u00f5es dry wall ou alvenaria<br \/>\nDrya wall \u2013 251153<br \/>\nAlvenaria \u2013 251152<\/p>\n","protected":false},"excerpt":{"rendered":"<p>Data8 de setembro de 2017 Balizador rasgo de luz em Alum\u00ednio Base G-9 \u2013 l\u00e2mpadas Halopin G-9 Led e Halopin Halogena convencional Op\u00e7\u00f5es para uso interno e uso externo ( no tempo) Aplica\u00e7\u00e3o: Os balizadores s\u00e3o usados como luz guia, s\u00e3o muito utilizados em escadas corredores ou muros, em \u00e1reas externas ou internas. \u00c9 um [&hellip;]<\/p>\n","protected":false},"featured_media":4867,"template":"","meta":[],"product_brand":[],"product_cat":[28,36],"product_tag":[],"class_list":{"0":"post-4866","1":"product","2":"type-product","3":"status-publish","4":"has-post-thumbnail","6":"product_cat-area-externa","7":"product_cat-balizadores-de-parede-e-escada","9":"first","10":"instock","11":"shipping-taxable","12":"purchasable","13":"product-type-simple"},"_links":{"self":[{"href":"https:\/\/www.universoeletrico.com.br\/design\/index.php?rest_route=\/wp\/v2\/product\/4866","targetHints":{"allow":["GET"]}}],"collection":[{"href":"https:\/\/www.universoeletrico.com.br\/design\/index.php?rest_route=\/wp\/v2\/product"}],"about":[{"href":"https:\/\/www.universoeletrico.com.br\/design\/index.php?rest_route=\/wp\/v2\/types\/product"}],"wp:featuredmedia":[{"embeddable":true,"href":"https:\/\/www.universoeletrico.com.br\/design\/index.php?rest_route=\/wp\/v2\/media\/4867"}],"wp:attachment":[{"href":"https:\/\/www.universoeletrico.com.br\/design\/index.php?rest_route=%2Fwp%2Fv2%2Fmedia&parent=4866"}],"wp:term":[{"taxonomy":"product_brand","embeddable":true,"href":"https:\/\/www.universoeletrico.com.br\/design\/index.php?rest_route=%2Fwp%2Fv2%2Fproduct_brand&post=4866"},{"taxonomy":"product_cat","embeddable":true,"href":"https:\/\/www.universoeletrico.com.br\/design\/index.php?rest_route=%2Fwp%2Fv2%2Fproduct_cat&post=4866"},{"taxonomy":"product_tag","embeddable":true,"href":"https:\/\/www.universoeletrico.com.br\/design\/index.php?rest_route=%2Fwp%2Fv2%2Fproduct_tag&post=4866"}],"curies":[{"name":"wp","href":"https:\/\/api.w.org\/{rel}","templated":true}]}}