{"id":4814,"date":"2019-03-15T08:08:09","date_gmt":"2019-03-15T11:08:09","guid":{"rendered":"https:\/\/www.universoeletrico.com.br\/design\/?post_type=product&#038;p=4814"},"modified":"2026-01-15T15:50:34","modified_gmt":"2026-01-15T18:50:34","slug":"embutido-de-solo-piso-par-20","status":"publish","type":"product","link":"https:\/\/www.universoeletrico.com.br\/design\/?product=embutido-de-solo-piso-par-20","title":{"rendered":"EMBUTIDO LED SOLO RED 5W 3000K IP65 PT"},"content":{"rendered":"<p>Embutido de solo com LED integrado que dispensa a utiliza\u00e7\u00e3o de l\u00e2mpada, com pot\u00eancia de 5W e fluxo luminoso de 330lm. Seu design garden faz com que seja indicado para compor ambientes externos, por conta do seu \u00cdndice de Prote\u00e7\u00e3o (IP65), sua temperatura de cor branca quente (3000K), seus materiais s\u00e3o em alum\u00ednio e termopl\u00e1stico com acabamento em pintura lisa na cor preta.<\/p>\n<p>Fluxo luminosos &#8211; 330 LM<\/p>\n<p>Pot\u00eancia &#8211; 5w<\/p>\n<p>Grau prote\u00e7\u00e3o &#8211; IP -65<\/p>\n<p>Temperatura cor &#8211; 3000k<\/p>\n<p>Consultreop\u00e7\u00e3o de acabamento<\/p>\n<p>Inox &#8211; 256467<\/p>\n<p>&nbsp;<\/p>\n<p>&nbsp;<\/p>\n","protected":false},"excerpt":{"rendered":"<p>Embutido de solo com LED integrado que dispensa a utiliza\u00e7\u00e3o de l\u00e2mpada, com pot\u00eancia de 5W e fluxo luminoso de 330lm. Seu design garden faz com que seja indicado para compor ambientes externos, por conta do seu \u00cdndice de Prote\u00e7\u00e3o (IP65), sua temperatura de cor branca quente (3000K), seus materiais s\u00e3o em alum\u00ednio e termopl\u00e1stico [&hellip;]<\/p>\n","protected":false},"featured_media":11466,"template":"","meta":[],"product_brand":[],"product_cat":[28,29],"product_tag":[106,112,84,31,125,122,86,115],"class_list":{"0":"post-4814","1":"product","2":"type-product","3":"status-publish","4":"has-post-thumbnail","6":"product_cat-area-externa","7":"product_cat-embutidos-e-balizadores-de-solo","8":"product_tag-area-externa","9":"product_tag-balizador","10":"product_tag-balizador-jardim","11":"product_tag-emb-flat","12":"product_tag-facho-de-luz","13":"product_tag-foco","14":"product_tag-ilmnacao-jardim","15":"product_tag-iluminacao-externa","17":"first","18":"instock","19":"shipping-taxable","20":"purchasable","21":"product-type-simple"},"_links":{"self":[{"href":"https:\/\/www.universoeletrico.com.br\/design\/index.php?rest_route=\/wp\/v2\/product\/4814","targetHints":{"allow":["GET"]}}],"collection":[{"href":"https:\/\/www.universoeletrico.com.br\/design\/index.php?rest_route=\/wp\/v2\/product"}],"about":[{"href":"https:\/\/www.universoeletrico.com.br\/design\/index.php?rest_route=\/wp\/v2\/types\/product"}],"wp:featuredmedia":[{"embeddable":true,"href":"https:\/\/www.universoeletrico.com.br\/design\/index.php?rest_route=\/wp\/v2\/media\/11466"}],"wp:attachment":[{"href":"https:\/\/www.universoeletrico.com.br\/design\/index.php?rest_route=%2Fwp%2Fv2%2Fmedia&parent=4814"}],"wp:term":[{"taxonomy":"product_brand","embeddable":true,"href":"https:\/\/www.universoeletrico.com.br\/design\/index.php?rest_route=%2Fwp%2Fv2%2Fproduct_brand&post=4814"},{"taxonomy":"product_cat","embeddable":true,"href":"https:\/\/www.universoeletrico.com.br\/design\/index.php?rest_route=%2Fwp%2Fv2%2Fproduct_cat&post=4814"},{"taxonomy":"product_tag","embeddable":true,"href":"https:\/\/www.universoeletrico.com.br\/design\/index.php?rest_route=%2Fwp%2Fv2%2Fproduct_tag&post=4814"}],"curies":[{"name":"wp","href":"https:\/\/api.w.org\/{rel}","templated":true}]}}