{"id":4804,"date":"2019-03-14T11:52:36","date_gmt":"2019-03-14T14:52:36","guid":{"rendered":"https:\/\/www.universoeletrico.com.br\/design\/?post_type=product&#038;p=4804"},"modified":"2026-01-15T15:50:35","modified_gmt":"2026-01-15T18:50:35","slug":"spot-par-30-cone-com-canopla","status":"publish","type":"product","link":"https:\/\/www.universoeletrico.com.br\/design\/?product=spot-par-30-cone-com-canopla","title":{"rendered":"*SPOT CONE PAR-30 E27 CANOPLA BF"},"content":{"rendered":"<p>Spot para L\u00e2mpada par 30 em alum\u00ednio com base e pintura texturizada<\/p>\n<p>Soquete &#8211; E27<br \/>\npara uso de L\u00e2mpada e27 par 20 ou par 30 vendidas separadamente<\/p>\n<p>c\u00f3digo &#8211; 251644<\/p>\n","protected":false},"excerpt":{"rendered":"<p>Spot para L\u00e2mpada par 30 em alum\u00ednio com base e pintura texturizada Soquete &#8211; E27 para uso de L\u00e2mpada e27 par 20 ou par 30 vendidas separadamente c\u00f3digo &#8211; 251644<\/p>\n","protected":false},"featured_media":11609,"template":"","meta":[],"product_brand":[],"product_cat":[16,25],"product_tag":[],"class_list":{"0":"post-4804","1":"product","2":"type-product","3":"status-publish","4":"has-post-thumbnail","6":"product_cat-residencial-e-predial","7":"product_cat-spots-e-trilhos-eletrificados","9":"first","10":"instock","11":"shipping-taxable","12":"purchasable","13":"product-type-simple"},"_links":{"self":[{"href":"https:\/\/www.universoeletrico.com.br\/design\/index.php?rest_route=\/wp\/v2\/product\/4804","targetHints":{"allow":["GET"]}}],"collection":[{"href":"https:\/\/www.universoeletrico.com.br\/design\/index.php?rest_route=\/wp\/v2\/product"}],"about":[{"href":"https:\/\/www.universoeletrico.com.br\/design\/index.php?rest_route=\/wp\/v2\/types\/product"}],"wp:featuredmedia":[{"embeddable":true,"href":"https:\/\/www.universoeletrico.com.br\/design\/index.php?rest_route=\/wp\/v2\/media\/11609"}],"wp:attachment":[{"href":"https:\/\/www.universoeletrico.com.br\/design\/index.php?rest_route=%2Fwp%2Fv2%2Fmedia&parent=4804"}],"wp:term":[{"taxonomy":"product_brand","embeddable":true,"href":"https:\/\/www.universoeletrico.com.br\/design\/index.php?rest_route=%2Fwp%2Fv2%2Fproduct_brand&post=4804"},{"taxonomy":"product_cat","embeddable":true,"href":"https:\/\/www.universoeletrico.com.br\/design\/index.php?rest_route=%2Fwp%2Fv2%2Fproduct_cat&post=4804"},{"taxonomy":"product_tag","embeddable":true,"href":"https:\/\/www.universoeletrico.com.br\/design\/index.php?rest_route=%2Fwp%2Fv2%2Fproduct_tag&post=4804"}],"curies":[{"name":"wp","href":"https:\/\/api.w.org\/{rel}","templated":true}]}}