{"id":4650,"date":"2019-03-14T08:16:42","date_gmt":"2019-03-14T11:16:42","guid":{"rendered":"https:\/\/www.universoeletrico.com.br\/design\/?post_type=product&#038;p=4650"},"modified":"2026-01-15T15:51:39","modified_gmt":"2026-01-15T18:51:39","slug":"pendente-metal-koni","status":"publish","type":"product","link":"https:\/\/www.universoeletrico.com.br\/design\/?product=pendente-metal-koni","title":{"rendered":"Pendente Metal Koni"},"content":{"rendered":"<p>Material: Metal<br \/>\nSoquete: GU10<br \/>\nLampada: 1 x GU10<br \/>\nPotencia:<br \/>\nTemperatura de cor: 0<br \/>\nMedidas: Pe\u00e7a: \u00f88cm x 34,5cm | Cabo: 120cm<br \/>\n<img fetchpriority=\"high\" decoding=\"async\" src=\"https:\/\/www.universoeletrico.com.br\/design\/wp-content\/uploads\/2019\/03\/pendente-metal-koni-br-Custom-300x300.jpg\" alt=\"\" width=\"300\" height=\"300\" class=\"alignleft size-full wp-image-4652\" \/><\/p>\n<p><img decoding=\"async\" src=\"https:\/\/www.universoeletrico.com.br\/design\/wp-content\/uploads\/2019\/03\/pendente-metal-koni-cobre-Custom.jpg\" alt=\"\" width=\"500\" height=\"500\" class=\"alignleft size-full wp-image-4648\" \/><\/p>\n<p>op\u00e7\u00f5es de cores do metal<\/p>\n<p>cobre \u2013 252264<br \/>\nCromado \u2013 252241<br \/>\nBranco \u2013 252265<\/p>\n<p>n\u00e3o acompanha l\u00e2mpadas<\/p>\n","protected":false},"excerpt":{"rendered":"<p>Material: Metal Soquete: GU10 Lampada: 1 x GU10 Potencia: Temperatura de cor: 0 Medidas: Pe\u00e7a: \u00f88cm x 34,5cm | Cabo: 120cm op\u00e7\u00f5es de cores do metal cobre \u2013 252264 Cromado \u2013 252241 Branco \u2013 252265 n\u00e3o acompanha l\u00e2mpadas<\/p>\n","protected":false},"featured_media":4651,"template":"","meta":[],"product_brand":[],"product_cat":[27,16],"product_tag":[],"class_list":{"0":"post-4650","1":"product","2":"type-product","3":"status-publish","4":"has-post-thumbnail","6":"product_cat-pendente","7":"product_cat-residencial-e-predial","9":"first","10":"instock","11":"shipping-taxable","12":"purchasable","13":"product-type-simple"},"_links":{"self":[{"href":"https:\/\/www.universoeletrico.com.br\/design\/index.php?rest_route=\/wp\/v2\/product\/4650","targetHints":{"allow":["GET"]}}],"collection":[{"href":"https:\/\/www.universoeletrico.com.br\/design\/index.php?rest_route=\/wp\/v2\/product"}],"about":[{"href":"https:\/\/www.universoeletrico.com.br\/design\/index.php?rest_route=\/wp\/v2\/types\/product"}],"wp:featuredmedia":[{"embeddable":true,"href":"https:\/\/www.universoeletrico.com.br\/design\/index.php?rest_route=\/wp\/v2\/media\/4651"}],"wp:attachment":[{"href":"https:\/\/www.universoeletrico.com.br\/design\/index.php?rest_route=%2Fwp%2Fv2%2Fmedia&parent=4650"}],"wp:term":[{"taxonomy":"product_brand","embeddable":true,"href":"https:\/\/www.universoeletrico.com.br\/design\/index.php?rest_route=%2Fwp%2Fv2%2Fproduct_brand&post=4650"},{"taxonomy":"product_cat","embeddable":true,"href":"https:\/\/www.universoeletrico.com.br\/design\/index.php?rest_route=%2Fwp%2Fv2%2Fproduct_cat&post=4650"},{"taxonomy":"product_tag","embeddable":true,"href":"https:\/\/www.universoeletrico.com.br\/design\/index.php?rest_route=%2Fwp%2Fv2%2Fproduct_tag&post=4650"}],"curies":[{"name":"wp","href":"https:\/\/api.w.org\/{rel}","templated":true}]}}