{"id":4230,"date":"2019-03-11T09:35:42","date_gmt":"2019-03-11T12:35:42","guid":{"rendered":"https:\/\/www.universoeletrico.com.br\/design\/?post_type=product&#038;p=4230"},"modified":"2026-01-15T15:53:52","modified_gmt":"2026-01-15T18:53:52","slug":"perfil-conjugado-sem-moldura-no-frame","status":"publish","type":"product","link":"https:\/\/www.universoeletrico.com.br\/design\/?product=perfil-conjugado-sem-moldura-no-frame","title":{"rendered":"Lumin\u00e1ria 2&#215;32\/16 + 2\/4 focos sem moldura no frame"},"content":{"rendered":"<p>Perfil conjugado em alum\u00ednio sem moldura e no frame, veja as v\u00e1rias op\u00e7\u00f5es de configura\u00e7\u00f5es e tamanhos;<\/p>\n<p>cv-sm -216+250 \u2013 251076 \u2013 cv-sm \u2013 216+450 \u2013 251092<br \/>\ncv-sm -216+220 \u2013 251093 \u2013 cv-sm \u2013 216+420 \u2013 251094<br \/>\ncv-sm -216+270 \u2013 251095 \u2013 cv-sm \u2013 216+470 \u2013 251096<br \/>\ncv-sm -232+250 \u2013 251097 \u2013 cv-sm \u2013 232+450 \u2013 251098<br \/>\ncv-sm -232+220 \u2013 251099 \u2013 cv-sm \u2013 232+420 \u2013 251100<br \/>\ncv-sm -232+270 \u2013 251101 \u2013 cv-sm \u2013 232+470 \u2013 251102<\/p>\n","protected":false},"excerpt":{"rendered":"<p>Perfil conjugado em alum\u00ednio sem moldura e no frame, veja as v\u00e1rias op\u00e7\u00f5es de configura\u00e7\u00f5es e tamanhos; cv-sm -216+250 \u2013 251076 \u2013 cv-sm \u2013 216+450 \u2013 251092 cv-sm -216+220 \u2013 251093 \u2013 cv-sm \u2013 216+420 \u2013 251094 cv-sm -216+270 \u2013 251095 \u2013 cv-sm \u2013 216+470 \u2013 251096 cv-sm -232+250 \u2013 251097 \u2013 cv-sm \u2013 232+450 [&hellip;]<\/p>\n","protected":false},"featured_media":4231,"template":"","meta":[],"product_brand":[],"product_cat":[19,16],"product_tag":[],"class_list":{"0":"post-4230","1":"product","2":"type-product","3":"status-publish","4":"has-post-thumbnail","6":"product_cat-perfil-e-eplafons-embutidos","7":"product_cat-residencial-e-predial","9":"first","10":"instock","11":"shipping-taxable","12":"purchasable","13":"product-type-simple"},"_links":{"self":[{"href":"https:\/\/www.universoeletrico.com.br\/design\/index.php?rest_route=\/wp\/v2\/product\/4230","targetHints":{"allow":["GET"]}}],"collection":[{"href":"https:\/\/www.universoeletrico.com.br\/design\/index.php?rest_route=\/wp\/v2\/product"}],"about":[{"href":"https:\/\/www.universoeletrico.com.br\/design\/index.php?rest_route=\/wp\/v2\/types\/product"}],"wp:featuredmedia":[{"embeddable":true,"href":"https:\/\/www.universoeletrico.com.br\/design\/index.php?rest_route=\/wp\/v2\/media\/4231"}],"wp:attachment":[{"href":"https:\/\/www.universoeletrico.com.br\/design\/index.php?rest_route=%2Fwp%2Fv2%2Fmedia&parent=4230"}],"wp:term":[{"taxonomy":"product_brand","embeddable":true,"href":"https:\/\/www.universoeletrico.com.br\/design\/index.php?rest_route=%2Fwp%2Fv2%2Fproduct_brand&post=4230"},{"taxonomy":"product_cat","embeddable":true,"href":"https:\/\/www.universoeletrico.com.br\/design\/index.php?rest_route=%2Fwp%2Fv2%2Fproduct_cat&post=4230"},{"taxonomy":"product_tag","embeddable":true,"href":"https:\/\/www.universoeletrico.com.br\/design\/index.php?rest_route=%2Fwp%2Fv2%2Fproduct_tag&post=4230"}],"curies":[{"name":"wp","href":"https:\/\/api.w.org\/{rel}","templated":true}]}}