{"id":4200,"date":"2019-03-11T08:58:48","date_gmt":"2019-03-11T11:58:48","guid":{"rendered":"https:\/\/www.universoeletrico.com.br\/design\/?post_type=product&#038;p=4200"},"modified":"2026-01-15T15:54:42","modified_gmt":"2026-01-15T18:54:42","slug":"embutido-sm-no-frame-1-foco","status":"publish","type":"product","link":"https:\/\/www.universoeletrico.com.br\/design\/?product=embutido-sm-no-frame-1-foco","title":{"rendered":"Emb. Sem Moldura &#8211; Sem abas \u2013 No Frame 1 Foco"},"content":{"rendered":"<p>Embutido Sem Moldura &#8211; Sem abas \u2013 No Frame 1 Foco<br \/>\nOp\u00e7\u00f5es de cores branco e preto<br \/>\nPode ser usado com L\u00e2mpadas Leds ou halogenas convencionais vendidas separadamente<br \/>\nAplicados em forros de gesso e madeira ( requer acabamento no forro posterior a instala\u00e7\u00e3o)<br \/>\n1-Mini-Dicroica-MR11 \u2013 244001<br \/>\n1-Dicroica MR16 \u2013 244021<br \/>\n1-AR-70 \u2013 244007<br \/>\n1-AR-111 \u2013 consulta<br \/>\n1-Par 20 \u2013 244004<br \/>\n1-Par 30 \u2013 consulta<\/p>\n","protected":false},"excerpt":{"rendered":"<p>Embutido Sem Moldura &#8211; Sem abas \u2013 No Frame 1 Foco Op\u00e7\u00f5es de cores branco e preto Pode ser usado com L\u00e2mpadas Leds ou halogenas convencionais vendidas separadamente Aplicados em forros de gesso e madeira ( requer acabamento no forro posterior a instala\u00e7\u00e3o) 1-Mini-Dicroica-MR11 \u2013 244001 1-Dicroica MR16 \u2013 244021 1-AR-70 \u2013 244007 1-AR-111 \u2013 [&hellip;]<\/p>\n","protected":false},"featured_media":4201,"template":"","meta":[],"product_brand":[],"product_cat":[19,16],"product_tag":[],"class_list":{"0":"post-4200","1":"product","2":"type-product","3":"status-publish","4":"has-post-thumbnail","6":"product_cat-perfil-e-eplafons-embutidos","7":"product_cat-residencial-e-predial","9":"first","10":"instock","11":"shipping-taxable","12":"purchasable","13":"product-type-simple"},"_links":{"self":[{"href":"https:\/\/www.universoeletrico.com.br\/design\/index.php?rest_route=\/wp\/v2\/product\/4200","targetHints":{"allow":["GET"]}}],"collection":[{"href":"https:\/\/www.universoeletrico.com.br\/design\/index.php?rest_route=\/wp\/v2\/product"}],"about":[{"href":"https:\/\/www.universoeletrico.com.br\/design\/index.php?rest_route=\/wp\/v2\/types\/product"}],"wp:featuredmedia":[{"embeddable":true,"href":"https:\/\/www.universoeletrico.com.br\/design\/index.php?rest_route=\/wp\/v2\/media\/4201"}],"wp:attachment":[{"href":"https:\/\/www.universoeletrico.com.br\/design\/index.php?rest_route=%2Fwp%2Fv2%2Fmedia&parent=4200"}],"wp:term":[{"taxonomy":"product_brand","embeddable":true,"href":"https:\/\/www.universoeletrico.com.br\/design\/index.php?rest_route=%2Fwp%2Fv2%2Fproduct_brand&post=4200"},{"taxonomy":"product_cat","embeddable":true,"href":"https:\/\/www.universoeletrico.com.br\/design\/index.php?rest_route=%2Fwp%2Fv2%2Fproduct_cat&post=4200"},{"taxonomy":"product_tag","embeddable":true,"href":"https:\/\/www.universoeletrico.com.br\/design\/index.php?rest_route=%2Fwp%2Fv2%2Fproduct_tag&post=4200"}],"curies":[{"name":"wp","href":"https:\/\/api.w.org\/{rel}","templated":true}]}}