{"id":4058,"date":"2019-03-09T08:41:17","date_gmt":"2019-03-09T11:41:17","guid":{"rendered":"https:\/\/www.universoeletrico.com.br\/design\/?post_type=product&#038;p=4058"},"modified":"2026-01-15T15:55:40","modified_gmt":"2026-01-15T18:55:40","slug":"arandela-facho-luz-chanfrada-viena","status":"publish","type":"product","link":"https:\/\/www.universoeletrico.com.br\/design\/?product=arandela-facho-luz-chanfrada-viena","title":{"rendered":"Arandela Facho Luz chanfrada viena"},"content":{"rendered":"<p>A arandela Viena produz um \u00fanico facho direcional, perfeito para balizamento de \u00e1reas internas e externas.<\/p>\n<p>O chanfro se torna um diferencial est\u00e9tico, podendo ser ajustado em qualquer dire\u00e7\u00e3o, alterando o facho de luz e diversificando a apar\u00eancia da pe\u00e7a.<br \/>\n249019 -ARANDELA VIENA  1 FACHO GU10 IP65 BRC &#8211; L\u00e2mpada n\u00e3o inclusa<br \/>\n249020- ARANDELA VIENA  1 FACHO GU10 IP65 PTR &#8211; L\u00e2mpada n\u00e3o inclusa<\/p>\n","protected":false},"excerpt":{"rendered":"<p>A arandela Viena produz um \u00fanico facho direcional, perfeito para balizamento de \u00e1reas internas e externas. O chanfro se torna um diferencial est\u00e9tico, podendo ser ajustado em qualquer dire\u00e7\u00e3o, alterando o facho de luz e diversificando a apar\u00eancia da pe\u00e7a. 249019 -ARANDELA VIENA 1 FACHO GU10 IP65 BRC &#8211; L\u00e2mpada n\u00e3o inclusa 249020- ARANDELA VIENA [&hellip;]<\/p>\n","protected":false},"featured_media":4059,"template":"","meta":[],"product_brand":[],"product_cat":[18,16],"product_tag":[],"class_list":{"0":"post-4058","1":"product","2":"type-product","3":"status-publish","4":"has-post-thumbnail","6":"product_cat-arandelas-internas","7":"product_cat-residencial-e-predial","9":"first","10":"instock","11":"shipping-taxable","12":"purchasable","13":"product-type-simple"},"_links":{"self":[{"href":"https:\/\/www.universoeletrico.com.br\/design\/index.php?rest_route=\/wp\/v2\/product\/4058","targetHints":{"allow":["GET"]}}],"collection":[{"href":"https:\/\/www.universoeletrico.com.br\/design\/index.php?rest_route=\/wp\/v2\/product"}],"about":[{"href":"https:\/\/www.universoeletrico.com.br\/design\/index.php?rest_route=\/wp\/v2\/types\/product"}],"wp:featuredmedia":[{"embeddable":true,"href":"https:\/\/www.universoeletrico.com.br\/design\/index.php?rest_route=\/wp\/v2\/media\/4059"}],"wp:attachment":[{"href":"https:\/\/www.universoeletrico.com.br\/design\/index.php?rest_route=%2Fwp%2Fv2%2Fmedia&parent=4058"}],"wp:term":[{"taxonomy":"product_brand","embeddable":true,"href":"https:\/\/www.universoeletrico.com.br\/design\/index.php?rest_route=%2Fwp%2Fv2%2Fproduct_brand&post=4058"},{"taxonomy":"product_cat","embeddable":true,"href":"https:\/\/www.universoeletrico.com.br\/design\/index.php?rest_route=%2Fwp%2Fv2%2Fproduct_cat&post=4058"},{"taxonomy":"product_tag","embeddable":true,"href":"https:\/\/www.universoeletrico.com.br\/design\/index.php?rest_route=%2Fwp%2Fv2%2Fproduct_tag&post=4058"}],"curies":[{"name":"wp","href":"https:\/\/api.w.org\/{rel}","templated":true}]}}