{"id":4007,"date":"2019-03-08T10:26:32","date_gmt":"2019-03-08T13:26:32","guid":{"rendered":"https:\/\/www.universoeletrico.com.br\/design\/?post_type=product&#038;p=4007"},"modified":"2026-01-15T15:55:44","modified_gmt":"2026-01-15T18:55:44","slug":"arandela-facho-de-luz-com-led-integrado","status":"publish","type":"product","link":"https:\/\/www.universoeletrico.com.br\/design\/?product=arandela-facho-de-luz-com-led-integrado","title":{"rendered":"ARANDELA LED ELEG. SLIM &#8211; MULTI FACHO 3W 3K PT"},"content":{"rendered":"<p>A arandela MULTIFACHO , tamb\u00e9m conhecida como lumin\u00e1ria de parede, proporciona uma luz difusa confort\u00e1vel aos seus ambientes externos. Possui LED integrado com pot\u00eancia m\u00e1xima de 3W, fluxo luminoso de 180lm, \u00e2ngulo de abertura de 90\u00b0, prote\u00e7\u00e3o IP65 e temperatura de cor amarela (3000K), que valoriza jardins e \u00e1reas de lazer com um toque sofisticado.<br \/>\na arandela para paredes externas tem , o que garante resist\u00eancia a poeira e jatos de \u00e1gua. Pode ser instalada em corredores, jardins, fachadas, varandas, terra\u00e7os ou \u00e1reas gourmet. Al\u00e9m disso, a arandela conta com 2 fachos abertos de ilumina\u00e7\u00e3o e sistema de fixa\u00e7\u00e3o por encaixe r\u00e1pido,<\/p>\n<ul>\n<li>Pot\u00eancia &#8211; 3w<\/li>\n<li>Fluxo luminoso &#8211; 180 Lumens<\/li>\n<li>Angulo abertura &#8211; 90\u00b0<\/li>\n<li>Indice prote\u00e7\u00e3o &#8211; IP65<\/li>\n<li>acabamenot &#8211; preto ( uso interno e externo)<\/li>\n<li>Tens\u00e3o &#8211; Bivolt<\/li>\n<\/ul>\n<p>Consulte outras op\u00e7\u00f5es de acabamento com nossa equipe de vendas<\/p>\n<p>251589 &#8211; ARANDELA LED ELEG. SLIM &#8211; MULTI FACHO 3W 3K BRANCA<\/p>\n<p>&nbsp;<\/p>\n<p>&nbsp;<\/p>\n","protected":false},"excerpt":{"rendered":"<p>A arandela MULTIFACHO , tamb\u00e9m conhecida como lumin\u00e1ria de parede, proporciona uma luz difusa confort\u00e1vel aos seus ambientes externos. Possui LED integrado com pot\u00eancia m\u00e1xima de 3W, fluxo luminoso de 180lm, \u00e2ngulo de abertura de 90\u00b0, prote\u00e7\u00e3o IP65 e temperatura de cor amarela (3000K), que valoriza jardins e \u00e1reas de lazer com um toque sofisticado. [&hellip;]<\/p>\n","protected":false},"featured_media":11503,"template":"","meta":[],"product_brand":[],"product_cat":[18,81,16],"product_tag":[],"class_list":{"0":"post-4007","1":"product","2":"type-product","3":"status-publish","4":"has-post-thumbnail","6":"product_cat-arandelas-internas","7":"product_cat-arandelas-para-area-externa","8":"product_cat-residencial-e-predial","10":"first","11":"instock","12":"shipping-taxable","13":"purchasable","14":"product-type-simple"},"_links":{"self":[{"href":"https:\/\/www.universoeletrico.com.br\/design\/index.php?rest_route=\/wp\/v2\/product\/4007","targetHints":{"allow":["GET"]}}],"collection":[{"href":"https:\/\/www.universoeletrico.com.br\/design\/index.php?rest_route=\/wp\/v2\/product"}],"about":[{"href":"https:\/\/www.universoeletrico.com.br\/design\/index.php?rest_route=\/wp\/v2\/types\/product"}],"wp:featuredmedia":[{"embeddable":true,"href":"https:\/\/www.universoeletrico.com.br\/design\/index.php?rest_route=\/wp\/v2\/media\/11503"}],"wp:attachment":[{"href":"https:\/\/www.universoeletrico.com.br\/design\/index.php?rest_route=%2Fwp%2Fv2%2Fmedia&parent=4007"}],"wp:term":[{"taxonomy":"product_brand","embeddable":true,"href":"https:\/\/www.universoeletrico.com.br\/design\/index.php?rest_route=%2Fwp%2Fv2%2Fproduct_brand&post=4007"},{"taxonomy":"product_cat","embeddable":true,"href":"https:\/\/www.universoeletrico.com.br\/design\/index.php?rest_route=%2Fwp%2Fv2%2Fproduct_cat&post=4007"},{"taxonomy":"product_tag","embeddable":true,"href":"https:\/\/www.universoeletrico.com.br\/design\/index.php?rest_route=%2Fwp%2Fv2%2Fproduct_tag&post=4007"}],"curies":[{"name":"wp","href":"https:\/\/api.w.org\/{rel}","templated":true}]}}