{"id":11688,"date":"2026-01-23T15:57:35","date_gmt":"2026-01-23T18:57:35","guid":{"rendered":"https:\/\/www.universoeletrico.com.br\/design\/?post_type=product&#038;p=11688"},"modified":"2026-02-03T15:42:35","modified_gmt":"2026-02-03T18:42:35","slug":"perfil-sob-17mm-dif-acril-30m-br","status":"publish","type":"product","link":"https:\/\/www.universoeletrico.com.br\/design\/?product=perfil-sob-17mm-dif-acril-30m-br","title":{"rendered":"*PERFIL SOB 17MM DIF ACRIL 3,0M BR"},"content":{"rendered":"<p>Pe\u00e7a chave para quem busca uma solu\u00e7\u00e3o din\u00e2mica e eficaz para aqueles espa\u00e7os especiais.<\/p>\n<div class=\"otQkpb\" role=\"heading\" aria-level=\"3\" data-animation-nesting=\"\" data-sfc-cp=\"\" data-complete=\"true\" data-processed=\"true\" data-sae=\"\">Destaque Seu Ambiente com o Perfil de LED de Sobrepor ULTRA SLIM com apenas 17mm de larugura por 0,74 de altura ele \u00e9 perfeito para marcenaira e esp\u00e7oes reduzidos com voc\u00ea Transforme a ilumina\u00e7\u00e3o em um\u00a0 espa\u00e7o com sofistica\u00e7\u00e3o e praticidade. O <strong class=\"Yjhzub\" data-complete=\"true\" data-processed=\"true\">Perfil de LED de Sobrepor<\/strong>\u00a0\u00e9 a solu\u00e7\u00e3o ideal para quem busca um design moderno e minimalista sem a complexidade de obras ou recortes no gesso. Vendido em barras 1-2 e 3 metros ou sob medida ( sob consulta)<\/div>\n<div data-sfc-cp=\"\" data-hveid=\"CAEIAxAA\" data-processed=\"true\" data-complete=\"true\"><\/div>\n<div data-sfc-cp=\"\" data-hveid=\"CAEIAxAA\" data-processed=\"true\" data-complete=\"true\">CONSULTE ABAIXO OUTRAS OP\u00c7\u00d5ES DE MEDIDAS E ACESS\u00d3RIOS<\/div>\n<p>&nbsp;<\/p>\n<p>244712 &#8211; *PERFIL SOB 17MM DIF ACRIL 2,0M BRANCO<\/p>\n<p>244711 -*PERFIL SOB 17MM DIF ACRIL 1,5M BRANCO<\/p>\n<p>244710 &#8211;\u00a0 *PERFIL SOB 17MM DIF ACRIL 1,0M BRANCO<\/p>\n<p>244714 &#8211; *CURVA SOB 17MM TETO\/TETO BRANCO<\/p>\n<p>244730 &#8211; PERFIL SOB 17MM 3MT DIF ACRIL PT<\/p>\n<div class=\"Fsg96\" data-sfc-cp=\"\" data-processed=\"true\" data-complete=\"true\"><\/div>\n<h3 class=\"AdPoic\" role=\"heading\" aria-level=\"3\" data-complete=\"true\" data-processed=\"true\"><strong>Principais Benef\u00edcios:<\/strong><\/h3>\n<ul class=\"KsbFXc U6u95\" data-processed=\"true\" data-complete=\"true\">\n<li data-hveid=\"CAEIBBAA\" data-complete=\"true\" data-sae=\"\"><span class=\"T286Pc\" data-sfc-cp=\"\" data-complete=\"true\"><strong class=\"Yjhzub\" data-complete=\"true\">Instala\u00e7\u00e3o Simplificada<\/strong>: Perfeito para reformas ou projetos j\u00e1 finalizados, pode ser fixado diretamente em tetos, paredes, m\u00f3veis e ripados, garantindo uma aplica\u00e7\u00e3o r\u00e1pida e limpa.<\/span><\/li>\n<li data-hveid=\"CAEIBBAB\" data-complete=\"true\" data-sae=\"\"><span class=\"T286Pc\" data-sfc-cp=\"\" data-complete=\"true\"><strong class=\"Yjhzub\" data-complete=\"true\">Acabamento Profissional e Elegante<\/strong>: Fabricado em\u00a0<strong class=\"Yjhzub\" data-complete=\"true\">alum\u00ednio<\/strong>\u00a0de alta qualidade, o perfil n\u00e3o s\u00f3 oferece um visual\u00a0<em class=\"eujQNb\" data-complete=\"true\">clean<\/em>, mas tamb\u00e9m atua na dissipa\u00e7\u00e3o de calor, o que prolonga a vida \u00fatil da sua fita de LED. O difusor em acr\u00edlico suaviza a luz, criando um efeito luminoso linear e homog\u00eaneo, livre de pontos de LED aparentes.<\/span><\/li>\n<li data-hveid=\"CAEIBBAC\" data-complete=\"true\" data-sae=\"\"><span class=\"T286Pc\" data-sfc-cp=\"\" data-complete=\"true\"><strong class=\"Yjhzub\" data-complete=\"true\">Versatilidade de Design<\/strong>: Dispon\u00edvel em diversos tamanhos e acabamentos (como branco e preto), adapta-se a qualquer estilo de decora\u00e7\u00e3o, do mais discreto e minimalista ao mais arrojado.<\/span><\/li>\n<li data-hveid=\"CAEIBBAD\" data-complete=\"true\" data-sae=\"\"><span class=\"T286Pc\" data-sfc-cp=\"\" data-complete=\"true\"><strong class=\"Yjhzub\" data-complete=\"true\">Luz na Medida Certa<\/strong>: O perfil pode ser cortado sob medida para o seu projeto, garantindo uma integra\u00e7\u00e3o perfeita com a arquitetura do ambiente.<\/span><\/li>\n<\/ul>\n<div class=\"Fsg96\" data-sfc-cp=\"\" data-processed=\"true\" data-complete=\"true\"><\/div>\n<h3 class=\"AdPoic\" role=\"heading\" aria-level=\"3\" data-complete=\"true\" data-processed=\"true\">Aplica\u00e7\u00f5es em Projetos:<\/h3>\n<div class=\"Y3BBE\" data-sfc-cp=\"\" data-hveid=\"CAEIBRAA\" data-complete=\"true\" data-processed=\"true\">Explore as possibilidades e adicione um toque de modernidade aos seus espa\u00e7os:<\/div>\n<ul class=\"KsbFXc U6u95\" data-processed=\"true\" data-complete=\"true\">\n<li data-hveid=\"CAEIBhAA\" data-complete=\"true\" data-sae=\"\"><span class=\"T286Pc\" data-sfc-cp=\"\" data-complete=\"true\"><strong class=\"Yjhzub\" data-complete=\"true\">M\u00f3veis Planejados<\/strong>: Ilumina\u00e7\u00e3o de destaque em nichos, prateleiras, arm\u00e1rios de cozinha e closets.<\/span><\/li>\n<li data-hveid=\"CAEIBhAB\" data-complete=\"true\" data-sae=\"\"><span class=\"T286Pc\" data-sfc-cp=\"\" data-complete=\"true\"><strong class=\"Yjhzub\" data-complete=\"true\">Decora\u00e7\u00e3o de Interiores<\/strong>: Crie linhas de luz cont\u00ednuas em paredes de destaque ou no teto, adicionando profundidade e estilo a salas de estar, quartos e corredores.<\/span><\/li>\n<li data-hveid=\"CAEIBhAC\" data-complete=\"true\" data-sae=\"\"><span class=\"T286Pc\" data-sfc-cp=\"\" data-complete=\"true\"><strong class=\"Yjhzub\" data-complete=\"true\">\u00c1reas Funcionais<\/strong>: Garanta ilumina\u00e7\u00e3o eficiente e direcionada sobre bancadas de trabalho em escrit\u00f3rios ou cozinhas.<\/span><\/li>\n<\/ul>\n<div class=\"Y3BBE\" data-sfc-cp=\"\" data-hveid=\"CAEIBxAA\" data-complete=\"true\" data-processed=\"true\">Adquira j\u00e1 o seu Perfil de LED de Sobrepor e ilumine seus ambientes com intelig\u00eancia, design e um excelente custo-benef\u00edcio.<\/div>\n","protected":false},"excerpt":{"rendered":"<p>Pe\u00e7a chave para quem busca uma solu\u00e7\u00e3o din\u00e2mica e eficaz para aqueles espa\u00e7os especiais. Destaque Seu Ambiente com o Perfil de LED de Sobrepor ULTRA SLIM com apenas 17mm de larugura por 0,74 de altura ele \u00e9 perfeito para marcenaira e esp\u00e7oes reduzidos com voc\u00ea Transforme a ilumina\u00e7\u00e3o em um\u00a0 espa\u00e7o com sofistica\u00e7\u00e3o e praticidade. [&hellip;]<\/p>\n","protected":false},"featured_media":11690,"template":"","meta":[],"product_brand":[],"product_cat":[19,239,21,219,16],"product_tag":[238,52,237],"class_list":{"0":"post-11688","1":"product","2":"type-product","3":"status-publish","4":"has-post-thumbnail","6":"product_cat-perfil-e-eplafons-embutidos","7":"product_cat-perfil-led","8":"product_cat-perfis-de-led","9":"product_cat-peril-led","10":"product_cat-residencial-e-predial","11":"product_tag-iluminacao-residenciailumnacao-comercial","12":"product_tag-perfil-led","13":"product_tag-perfil-ledperfil-sobreporiluminacao-de-marcenariaregua-iluminadailuminacao-difusailuminacao-linearperfil-com-difusorsala-jantar-projetos-de-iluminacao","15":"first","16":"instock","17":"shipping-taxable","18":"purchasable","19":"product-type-simple"},"_links":{"self":[{"href":"https:\/\/www.universoeletrico.com.br\/design\/index.php?rest_route=\/wp\/v2\/product\/11688","targetHints":{"allow":["GET"]}}],"collection":[{"href":"https:\/\/www.universoeletrico.com.br\/design\/index.php?rest_route=\/wp\/v2\/product"}],"about":[{"href":"https:\/\/www.universoeletrico.com.br\/design\/index.php?rest_route=\/wp\/v2\/types\/product"}],"wp:featuredmedia":[{"embeddable":true,"href":"https:\/\/www.universoeletrico.com.br\/design\/index.php?rest_route=\/wp\/v2\/media\/11690"}],"wp:attachment":[{"href":"https:\/\/www.universoeletrico.com.br\/design\/index.php?rest_route=%2Fwp%2Fv2%2Fmedia&parent=11688"}],"wp:term":[{"taxonomy":"product_brand","embeddable":true,"href":"https:\/\/www.universoeletrico.com.br\/design\/index.php?rest_route=%2Fwp%2Fv2%2Fproduct_brand&post=11688"},{"taxonomy":"product_cat","embeddable":true,"href":"https:\/\/www.universoeletrico.com.br\/design\/index.php?rest_route=%2Fwp%2Fv2%2Fproduct_cat&post=11688"},{"taxonomy":"product_tag","embeddable":true,"href":"https:\/\/www.universoeletrico.com.br\/design\/index.php?rest_route=%2Fwp%2Fv2%2Fproduct_tag&post=11688"}],"curies":[{"name":"wp","href":"https:\/\/api.w.org\/{rel}","templated":true}]}}